{"id":48742,"date":"2021-01-21T14:37:39","date_gmt":"2021-01-21T17:37:39","guid":{"rendered":"https:\/\/www.livrariarema.com.br\/loja\/produtos\/sem%20categoria\/evangelho-maltrapilho-o-brennan-manning\/"},"modified":"2026-04-30T11:35:36","modified_gmt":"2026-04-30T14:35:36","slug":"evangelho-maltrapilho-o-brennan-manning","status":"publish","type":"product","link":"https:\/\/www.livrariarema.com.br\/loja\/produtos\/livros\/vida-crista\/evangelho-maltrapilho-o-brennan-manning\/","title":{"rendered":"Evangelho Maltrapilho, O &#8211; Brennan Manning"},"content":{"rendered":"<p>O esc\u00e2ndalo da gra\u00e7a<br \/>\nO evangelho maltrapilho foi escrito para pessoas aniquiladas, derrotadas e exauridas. Pessoas que se acham indignas de receber o amor de Deus. Quem sabe, ignoradas pela comunidade de crist\u00e3os por n\u00e3o se encaixarem no perfil de super-homem ou de supermulher que lhes \u00e9 constantemente exigido. Pessoas cansadas da espiritualidade superficial e consumista. Pessoas que travam in\u00fameras batalhas interiores por n\u00e3o se sentirem parte de uma comunidade afetiva e acolhedora.<\/p>\n<p>\u00c9 um livro que escrevi para mim mesmo e para quem quer que tenha ficado cansado e desencorajado ao longo do Caminho, confessa o autor.<\/p>\n<p>Franco e provocador, o aclamado fil\u00f3sofo e te\u00f3logo crist\u00e3o Brennan Manning estr\u00e9ia em l\u00edngua portuguesa com sua principal obra, que nos convida a depositar nossa esperan\u00e7a na amplitude da gra\u00e7a, capaz de alcan\u00e7ar pecadores e pobres em esp\u00edrito, e de resgatar nossa dignidade original. No m\u00ednimo, voc\u00ea n\u00e3o ficar\u00e1 indiferente a ela.<\/p>\n","protected":false},"excerpt":{"rendered":"<p>O esc\u00e2ndalo da gra\u00e7a O evangelho maltrapilho foi escrito para pessoas aniquiladas, derrotadas e exauridas. Pessoas que se acham indignas&hellip;<\/p>\n","protected":false},"featured_media":347830,"comment_status":"open","ping_status":"closed","template":"","meta":[],"product_cat":[134,137],"product_tag":[],"_links":{"self":[{"href":"https:\/\/www.livrariarema.com.br\/loja\/wp-json\/wp\/v2\/product\/48742"}],"collection":[{"href":"https:\/\/www.livrariarema.com.br\/loja\/wp-json\/wp\/v2\/product"}],"about":[{"href":"https:\/\/www.livrariarema.com.br\/loja\/wp-json\/wp\/v2\/types\/product"}],"replies":[{"embeddable":true,"href":"https:\/\/www.livrariarema.com.br\/loja\/wp-json\/wp\/v2\/comments?post=48742"}],"wp:featuredmedia":[{"embeddable":true,"href":"https:\/\/www.livrariarema.com.br\/loja\/wp-json\/wp\/v2\/media\/347830"}],"wp:attachment":[{"href":"https:\/\/www.livrariarema.com.br\/loja\/wp-json\/wp\/v2\/media?parent=48742"}],"wp:term":[{"taxonomy":"product_cat","embeddable":true,"href":"https:\/\/www.livrariarema.com.br\/loja\/wp-json\/wp\/v2\/product_cat?post=48742"},{"taxonomy":"product_tag","embeddable":true,"href":"https:\/\/www.livrariarema.com.br\/loja\/wp-json\/wp\/v2\/product_tag?post=48742"}],"curies":[{"name":"wp","href":"https:\/\/api.w.org\/{rel}","templated":true}]}}