{"id":48896,"date":"2021-01-21T14:42:20","date_gmt":"2021-01-21T17:42:20","guid":{"rendered":"https:\/\/www.livrariarema.com.br\/loja\/produtos\/sem%20categoria\/homem-espiritual-o-vol-1-watchman-nee\/"},"modified":"2025-12-10T12:01:18","modified_gmt":"2025-12-10T15:01:18","slug":"homem-espiritual-o-vol-1-watchman-nee","status":"publish","type":"product","link":"https:\/\/www.livrariarema.com.br\/loja\/produtos\/livros\/crescimento-espiritual\/homem-espiritual-o-vol-1-watchman-nee\/","title":{"rendered":"Homem Espiritual, O &#8211; Vol. 1 &#8211; Watchman Nee"},"content":{"rendered":"<p>Watchman Nee tornou-se bastante conhecido atrav\u00e9s de muitos livros que s\u00e3o a transcri\u00e7\u00e3o das mensagens que proferia. Alguns s\u00e3o resultado de confer\u00eancias especiais sobre temas espec\u00edficos, outros s\u00e3o a compila\u00e7\u00e3o de v\u00e1rias mensagens anunciadas em ocasi\u00f5es diversas e agrupadas por assunto. &#8220;O Homem Espiritual&#8221;, contudo, foi o \u00fanico escrito de pr\u00f3prio punho, sendo a urgente mensagem sobre o caminho da vida espiritual e o estratagema da batalha espiritual, examinados profundamente \u00e0 luz da Palavrade Deus e da experi\u00eancia do autor. <\/p>\n","protected":false},"excerpt":{"rendered":"<p>Watchman Nee tornou-se bastante conhecido atrav\u00e9s de muitos livros que s\u00e3o a transcri\u00e7\u00e3o das mensagens que proferia. Alguns s\u00e3o resultado&hellip;<\/p>\n","protected":false},"featured_media":341523,"comment_status":"open","ping_status":"closed","template":"","meta":[],"product_cat":[147,134],"product_tag":[],"_links":{"self":[{"href":"https:\/\/www.livrariarema.com.br\/loja\/wp-json\/wp\/v2\/product\/48896"}],"collection":[{"href":"https:\/\/www.livrariarema.com.br\/loja\/wp-json\/wp\/v2\/product"}],"about":[{"href":"https:\/\/www.livrariarema.com.br\/loja\/wp-json\/wp\/v2\/types\/product"}],"replies":[{"embeddable":true,"href":"https:\/\/www.livrariarema.com.br\/loja\/wp-json\/wp\/v2\/comments?post=48896"}],"wp:featuredmedia":[{"embeddable":true,"href":"https:\/\/www.livrariarema.com.br\/loja\/wp-json\/wp\/v2\/media\/341523"}],"wp:attachment":[{"href":"https:\/\/www.livrariarema.com.br\/loja\/wp-json\/wp\/v2\/media?parent=48896"}],"wp:term":[{"taxonomy":"product_cat","embeddable":true,"href":"https:\/\/www.livrariarema.com.br\/loja\/wp-json\/wp\/v2\/product_cat?post=48896"},{"taxonomy":"product_tag","embeddable":true,"href":"https:\/\/www.livrariarema.com.br\/loja\/wp-json\/wp\/v2\/product_tag?post=48896"}],"curies":[{"name":"wp","href":"https:\/\/api.w.org\/{rel}","templated":true}]}}