{"id":49051,"date":"2021-01-21T15:00:14","date_gmt":"2021-01-21T18:00:14","guid":{"rendered":"https:\/\/www.livrariarema.com.br\/loja\/produtos\/sem%20categoria\/celebracao-da-disciplina-richard-j-foster\/"},"modified":"2026-04-27T14:20:35","modified_gmt":"2026-04-27T17:20:35","slug":"celebracao-da-disciplina-richard-j-foster","status":"publish","type":"product","link":"https:\/\/www.livrariarema.com.br\/loja\/produtos\/livros\/crescimento-espiritual\/celebracao-da-disciplina-richard-j-foster\/","title":{"rendered":"Celebra\u00e7\u00e3o Da Disciplina &#8211; Richard J. Foster"},"content":{"rendered":"<p>Poucos livros sobre espiritualidade combinam verdadeira originalidade com integridade intelectual. Entretanto, foi exatamente essa a combina\u00e7\u00e3o que Richard Foster conseguiu produzir. Impregnado pelos cl\u00e1ssicos devocionais, o autor apresenta-nos um estudo cuidadoso que ser\u00e1 apreciado ainda por muito tempo.<\/p>\n<p>Classificando as disciplinas em tr\u00eas movimentos do Esp\u00edrito Santo, o autor mostra como cada uma delas contribui para uma vida espiritual equilibrada. As disciplinas interiores levam os famintos de Deus a uma transforma\u00e7\u00e3o genu\u00edna. As disciplinas exteriores s\u00e3o um reflexo das prioridades do Reino de Deus em seus filhos. As disciplinas comunit\u00e1rias lembram-nos de que \u00e9 na comunh\u00e3o com os crist\u00e3os que nos aproximamos mais de Deus.<\/p>\n<p>A presente edi\u00e7\u00e3o comemora o anivers\u00e1rio de 30 anos de sua primeira publica\u00e7\u00e3o em ingl\u00eas, em 1978. Um cl\u00e1ssico aclamado pela revista Christianity Today como um dos dez livros crist\u00e3os mais importantes do s\u00e9culo XX. Desde seu lan\u00e7amento, este livro tem ajudado milh\u00f5es de pessoas a descobrirem a porta de entrada para uma vida espiritual rica, plena de contentamento, paz e profunda compreens\u00e3o de Deus.<\/p>\n","protected":false},"excerpt":{"rendered":"<p>Poucos livros sobre espiritualidade combinam verdadeira originalidade com integridade intelectual. Entretanto, foi exatamente essa a combina\u00e7\u00e3o que Richard Foster conseguiu&hellip;<\/p>\n","protected":false},"featured_media":330774,"comment_status":"open","ping_status":"closed","template":"","meta":[],"product_cat":[147,134],"product_tag":[],"_links":{"self":[{"href":"https:\/\/www.livrariarema.com.br\/loja\/wp-json\/wp\/v2\/product\/49051"}],"collection":[{"href":"https:\/\/www.livrariarema.com.br\/loja\/wp-json\/wp\/v2\/product"}],"about":[{"href":"https:\/\/www.livrariarema.com.br\/loja\/wp-json\/wp\/v2\/types\/product"}],"replies":[{"embeddable":true,"href":"https:\/\/www.livrariarema.com.br\/loja\/wp-json\/wp\/v2\/comments?post=49051"}],"wp:featuredmedia":[{"embeddable":true,"href":"https:\/\/www.livrariarema.com.br\/loja\/wp-json\/wp\/v2\/media\/330774"}],"wp:attachment":[{"href":"https:\/\/www.livrariarema.com.br\/loja\/wp-json\/wp\/v2\/media?parent=49051"}],"wp:term":[{"taxonomy":"product_cat","embeddable":true,"href":"https:\/\/www.livrariarema.com.br\/loja\/wp-json\/wp\/v2\/product_cat?post=49051"},{"taxonomy":"product_tag","embeddable":true,"href":"https:\/\/www.livrariarema.com.br\/loja\/wp-json\/wp\/v2\/product_tag?post=49051"}],"curies":[{"name":"wp","href":"https:\/\/api.w.org\/{rel}","templated":true}]}}