{"id":49150,"date":"2021-01-21T15:03:08","date_gmt":"2021-01-21T18:03:08","guid":{"rendered":"https:\/\/www.livrariarema.com.br\/loja\/produtos\/sem%20categoria\/batismo-e-plenitude-do-espirito-santo-john-stott\/"},"modified":"2026-02-20T12:33:45","modified_gmt":"2026-02-20T15:33:45","slug":"batismo-e-plenitude-do-espirito-santo-john-stott","status":"publish","type":"product","link":"https:\/\/www.livrariarema.com.br\/loja\/produtos\/livros\/espirito-santo\/batismo-e-plenitude-do-espirito-santo-john-stott\/","title":{"rendered":"Batismo E Plenitude Do Espirito Santo &#8211; John Stott"},"content":{"rendered":"<p>Com seu estilo claro e l\u00f3gico, John Stott examina cuidadosamente a promessa do Esp\u00edrito Santo, o &#8220;batismo&#8221;, a plenitude, o fruto e os dons do Esp\u00edrito. A promessa do Esp\u00edrito \u00e9 o mesmo que o &#8220;batismo&#8221; no Esp\u00edrito? D\u00favidas como essa s\u00e3o esclarecidas por Stott, sempre com base nas Escrituras Sagradas.<\/p>\n","protected":false},"excerpt":{"rendered":"<p>Com seu estilo claro e l\u00f3gico, John Stott examina cuidadosamente a promessa do Esp\u00edrito Santo, o &#8220;batismo&#8221;, a plenitude, o&hellip;<\/p>\n","protected":false},"featured_media":344921,"comment_status":"open","ping_status":"closed","template":"","meta":[],"product_cat":[199,134],"product_tag":[],"_links":{"self":[{"href":"https:\/\/www.livrariarema.com.br\/loja\/wp-json\/wp\/v2\/product\/49150"}],"collection":[{"href":"https:\/\/www.livrariarema.com.br\/loja\/wp-json\/wp\/v2\/product"}],"about":[{"href":"https:\/\/www.livrariarema.com.br\/loja\/wp-json\/wp\/v2\/types\/product"}],"replies":[{"embeddable":true,"href":"https:\/\/www.livrariarema.com.br\/loja\/wp-json\/wp\/v2\/comments?post=49150"}],"wp:featuredmedia":[{"embeddable":true,"href":"https:\/\/www.livrariarema.com.br\/loja\/wp-json\/wp\/v2\/media\/344921"}],"wp:attachment":[{"href":"https:\/\/www.livrariarema.com.br\/loja\/wp-json\/wp\/v2\/media?parent=49150"}],"wp:term":[{"taxonomy":"product_cat","embeddable":true,"href":"https:\/\/www.livrariarema.com.br\/loja\/wp-json\/wp\/v2\/product_cat?post=49150"},{"taxonomy":"product_tag","embeddable":true,"href":"https:\/\/www.livrariarema.com.br\/loja\/wp-json\/wp\/v2\/product_tag?post=49150"}],"curies":[{"name":"wp","href":"https:\/\/api.w.org\/{rel}","templated":true}]}}