{"id":49328,"date":"2021-01-21T15:14:03","date_gmt":"2021-01-21T18:14:03","guid":{"rendered":"https:\/\/www.livrariarema.com.br\/loja\/produtos\/sem%20categoria\/mentiras-em-que-as-garotas-acreditam-e-a-verdade-que-as-liberta-nancy-leigh-demoss-e-dannah-gresh\/"},"modified":"2026-02-20T13:23:28","modified_gmt":"2026-02-20T16:23:28","slug":"mentiras-em-que-as-garotas-acreditam-e-a-verdade-que-as-liberta-nancy-leigh-demoss-e-dannah-gresh","status":"publish","type":"product","link":"https:\/\/www.livrariarema.com.br\/loja\/produtos\/livros\/juvenil\/mentiras-em-que-as-garotas-acreditam-e-a-verdade-que-as-liberta-nancy-leigh-demoss-e-dannah-gresh\/","title":{"rendered":"Mentiras Em Que As Garotas Acreditam E A Verdade Que As Liberta &#8211; Nancy Leigh Demoss E Dannah Gresh"},"content":{"rendered":"<p>Neste livro, Nancy e Dannah revelam 25 das mentiras mais comumente aceitas pela atual gera\u00e7\u00e3o das nossas jovens. As autoras compartilham relatos da vida de algumas das mo\u00e7as entrevistadas e tamb\u00e9m relatam com transpar\u00eancia hist\u00f3rias reais de como se libertaram das mentiras em que elas mesmas acreditavam. Elas entram nas trincheiras da batalha para lutar junto com voc\u00ea.<\/p>\n","protected":false},"excerpt":{"rendered":"<p>Neste livro, Nancy e Dannah revelam 25 das mentiras mais comumente aceitas pela atual gera\u00e7\u00e3o das nossas jovens. As autoras&hellip;<\/p>\n","protected":false},"featured_media":345036,"comment_status":"open","ping_status":"closed","template":"","meta":[],"product_cat":[184,134],"product_tag":[],"_links":{"self":[{"href":"https:\/\/www.livrariarema.com.br\/loja\/wp-json\/wp\/v2\/product\/49328"}],"collection":[{"href":"https:\/\/www.livrariarema.com.br\/loja\/wp-json\/wp\/v2\/product"}],"about":[{"href":"https:\/\/www.livrariarema.com.br\/loja\/wp-json\/wp\/v2\/types\/product"}],"replies":[{"embeddable":true,"href":"https:\/\/www.livrariarema.com.br\/loja\/wp-json\/wp\/v2\/comments?post=49328"}],"wp:featuredmedia":[{"embeddable":true,"href":"https:\/\/www.livrariarema.com.br\/loja\/wp-json\/wp\/v2\/media\/345036"}],"wp:attachment":[{"href":"https:\/\/www.livrariarema.com.br\/loja\/wp-json\/wp\/v2\/media?parent=49328"}],"wp:term":[{"taxonomy":"product_cat","embeddable":true,"href":"https:\/\/www.livrariarema.com.br\/loja\/wp-json\/wp\/v2\/product_cat?post=49328"},{"taxonomy":"product_tag","embeddable":true,"href":"https:\/\/www.livrariarema.com.br\/loja\/wp-json\/wp\/v2\/product_tag?post=49328"}],"curies":[{"name":"wp","href":"https:\/\/api.w.org\/{rel}","templated":true}]}}