{"id":49353,"date":"2021-01-21T15:14:48","date_gmt":"2021-01-21T18:14:48","guid":{"rendered":"https:\/\/www.livrariarema.com.br\/loja\/produtos\/sem%20categoria\/viva-na-quarta-dimensao-david-yonggi-cho\/"},"modified":"2025-06-03T10:00:09","modified_gmt":"2025-06-03T13:00:09","slug":"viva-na-quarta-dimensao-david-yonggi-cho","status":"publish","type":"product","link":"https:\/\/www.livrariarema.com.br\/loja\/produtos\/livros\/vida-crista\/viva-na-quarta-dimensao-david-yonggi-cho\/","title":{"rendered":"Viva Na Quarta Dimens\u00e3o &#8211; David Yonggi Cho"},"content":{"rendered":"<p>A quarta dimens\u00e3o n\u00e3o \u00e9 outra coisa sen\u00e3o a dimens\u00e3o espiritual. O resultado do que se v\u00ea aqui depois de 50 anos de minist\u00e9rio n\u00e3o \u00e9 produto de estudo pessoal ou pesquisa de um estudioso, mas o segredo do que foi revelado a um homem em comunh\u00e3o com o Esp\u00edrito Santo.<\/p>\n<p>Pastor Cho, sem qualquer sombra de ego\u00edsmo, tem se dedicado a compartilhar pacientemente os princ\u00edpios que tornaram a Igreja do Evangelho Pleno mundialmente conhecida, ao mesmo tempo que encoraja ministros de qualquer origem a obter os mesmos resultados em seu pr\u00f3prio pa\u00eds e igreja.<\/p>\n<p>&#8220;Viva na quarta dimens\u00e3o nos leva, passo a passo, pelos princ\u00edpios do que, por d\u00e9cadas, o pastor Cho tem ensinado e ilustrado em seus diversos livros, prega\u00e7\u00f5es e confer\u00eancias. Desde a defini\u00e7\u00e3o elementar de o que s\u00e3o as quatro dimens\u00f5es at\u00e9 as aplica\u00e7\u00f5es pr\u00e1ticas de tais elementos, o livro n\u00e3o permite que nada de \u00fatil deixe de ser mencionado. Temos aqui em um s\u00f3 tomo tudo o que se deve saber sobre como viver dentro do mundo da quarta dimens\u00e3o.&#8221; &#8211; MARIO VEGA (pastor da igreja considerada a segunda maior do mundo, Igreja Elim em El Salvador, na Am\u00e9rica Central)<\/p>\n<p>DAVID (PAUL) YONGGI CHO \u00e9 fundador e pastor titular da Yoido Full Gospel Church em Seul, Cor\u00e9ia, que conta com mais de 750 mil membros, engajados em cerca de 25 mil c\u00e9lulas nos lares. Palestrante conhecido mundialmente, \u00e9 autor de v\u00e1rios livros, entre eles: A quarta dimens\u00e3o e, entre eles: A quarta dimens\u00e3o, Mude de mentalidade, A ora\u00e7\u00e3o eficaz, O Esp\u00edrito Santo, meu companheiro, Por que sofremos? e Seja um vencedor, todos publicados pela Editora Vida. <\/p>\n","protected":false},"excerpt":{"rendered":"<p>A quarta dimens\u00e3o n\u00e3o \u00e9 outra coisa sen\u00e3o a dimens\u00e3o espiritual. O resultado do que se v\u00ea aqui depois de&hellip;<\/p>\n","protected":false},"featured_media":330857,"comment_status":"open","ping_status":"closed","template":"","meta":[],"product_cat":[134,137],"product_tag":[],"_links":{"self":[{"href":"https:\/\/www.livrariarema.com.br\/loja\/wp-json\/wp\/v2\/product\/49353"}],"collection":[{"href":"https:\/\/www.livrariarema.com.br\/loja\/wp-json\/wp\/v2\/product"}],"about":[{"href":"https:\/\/www.livrariarema.com.br\/loja\/wp-json\/wp\/v2\/types\/product"}],"replies":[{"embeddable":true,"href":"https:\/\/www.livrariarema.com.br\/loja\/wp-json\/wp\/v2\/comments?post=49353"}],"wp:featuredmedia":[{"embeddable":true,"href":"https:\/\/www.livrariarema.com.br\/loja\/wp-json\/wp\/v2\/media\/330857"}],"wp:attachment":[{"href":"https:\/\/www.livrariarema.com.br\/loja\/wp-json\/wp\/v2\/media?parent=49353"}],"wp:term":[{"taxonomy":"product_cat","embeddable":true,"href":"https:\/\/www.livrariarema.com.br\/loja\/wp-json\/wp\/v2\/product_cat?post=49353"},{"taxonomy":"product_tag","embeddable":true,"href":"https:\/\/www.livrariarema.com.br\/loja\/wp-json\/wp\/v2\/product_tag?post=49353"}],"curies":[{"name":"wp","href":"https:\/\/api.w.org\/{rel}","templated":true}]}}