{"id":49394,"date":"2021-01-21T15:16:00","date_gmt":"2021-01-21T18:16:00","guid":{"rendered":"https:\/\/www.livrariarema.com.br\/loja\/produtos\/sem%20categoria\/comentarios-expositivos-marcos-hernandes-dias-lopes\/"},"modified":"2026-03-13T16:50:59","modified_gmt":"2026-03-13T19:50:59","slug":"comentarios-expositivos-marcos-hernandes-dias-lopes","status":"publish","type":"product","link":"https:\/\/www.livrariarema.com.br\/loja\/produtos\/livros\/comentario-biblico\/comentarios-expositivos-marcos-hernandes-dias-lopes\/","title":{"rendered":"Coment\u00e1rios Expositivos &#8211; Marcos &#8211; Hernandes Dias Lopes"},"content":{"rendered":"<p>Marcos \u00e9 o evangelho da a\u00e7\u00e3o. Jesus \u00e9 apresentado como servo que est\u00e1 sempre em atividade. <\/p>\n<p>A parte mais importante do evangelho n\u00e3o \u00e9 o que n\u00f3s devemos fazer, mas o que Deus fez por n\u00f3s em Cristo. <\/p>\n<p>O evangelho n\u00e3o \u00e9 discuss\u00e3o nem debate, mas uma proclama\u00e7\u00e3o. <\/p>\n<p>Ela est\u00e1 centralizada na pessoa de Jesus Cristo. <\/p>\n<p>O seu conte\u00fado \u00e9 Jesus Cristo: sua vida, obra, morte, ressurrei\u00e7\u00e3o, governo e segunda vinda.<\/p>\n","protected":false},"excerpt":{"rendered":"<p>Marcos \u00e9 o evangelho da a\u00e7\u00e3o. Jesus \u00e9 apresentado como servo que est\u00e1 sempre em atividade. A parte mais importante&hellip;<\/p>\n","protected":false},"featured_media":346081,"comment_status":"open","ping_status":"closed","template":"","meta":[],"product_cat":[164,134],"product_tag":[],"_links":{"self":[{"href":"https:\/\/www.livrariarema.com.br\/loja\/wp-json\/wp\/v2\/product\/49394"}],"collection":[{"href":"https:\/\/www.livrariarema.com.br\/loja\/wp-json\/wp\/v2\/product"}],"about":[{"href":"https:\/\/www.livrariarema.com.br\/loja\/wp-json\/wp\/v2\/types\/product"}],"replies":[{"embeddable":true,"href":"https:\/\/www.livrariarema.com.br\/loja\/wp-json\/wp\/v2\/comments?post=49394"}],"wp:featuredmedia":[{"embeddable":true,"href":"https:\/\/www.livrariarema.com.br\/loja\/wp-json\/wp\/v2\/media\/346081"}],"wp:attachment":[{"href":"https:\/\/www.livrariarema.com.br\/loja\/wp-json\/wp\/v2\/media?parent=49394"}],"wp:term":[{"taxonomy":"product_cat","embeddable":true,"href":"https:\/\/www.livrariarema.com.br\/loja\/wp-json\/wp\/v2\/product_cat?post=49394"},{"taxonomy":"product_tag","embeddable":true,"href":"https:\/\/www.livrariarema.com.br\/loja\/wp-json\/wp\/v2\/product_tag?post=49394"}],"curies":[{"name":"wp","href":"https:\/\/api.w.org\/{rel}","templated":true}]}}