{"id":49434,"date":"2021-01-21T15:17:19","date_gmt":"2021-01-21T18:17:19","guid":{"rendered":"https:\/\/www.livrariarema.com.br\/loja\/produtos\/sem%20categoria\/licoes-para-maternal-falando-de-deus-aos-bebes-vol-1-noe-e-os-animais\/"},"modified":"2024-05-25T09:49:45","modified_gmt":"2024-05-25T12:49:45","slug":"licoes-para-maternal-falando-de-deus-aos-bebes-vol-1-noe-e-os-animais","status":"publish","type":"product","link":"https:\/\/www.livrariarema.com.br\/loja\/produtos\/diversos\/flanelografo-e-cartazes\/licoes-para-maternal-falando-de-deus-aos-bebes-vol-1-noe-e-os-animais\/","title":{"rendered":"Li\u00e7\u00f5es Para Maternal &#8211; Falando De Deus Aos Beb\u00eas &#8211; Vol. 1 &#8211; No\u00e9 E Os Animais"},"content":{"rendered":"<p>Este volume pertence a uma s\u00e9rie para uso com crian\u00e7as de 0 a 3 anos e tem como foco, em cada pequenina hist\u00f3ria, partes do corpinho do beb\u00ea e ensinos sobre a pessoa de Deus. H\u00e1 um esbo\u00e7o no in\u00edcio de cada aula. As ilustra\u00e7\u00f5es que acompanham cada li\u00e7\u00e3o podem ser mostradas ao beb\u00ea, \u00e0 medida que a hist\u00f3ria \u00e9 transmitida. Voc\u00ea encontra tamb\u00e9m nesse livro uma Orienta\u00e7\u00e3o Geral para que o minist\u00e9rio com beb\u00eas seja bem feito.<\/p>\n<p>Os beb\u00eas gostam de repeti\u00e7\u00e3o. repita. repita. Use e abuse deste material. O minist\u00e9rio com beb\u00eas n\u00e3o \u00e9 apenas o de &#8220;tomar conta&#8221;, mas de aproveitar a oportunidade para FALAR DE DEUS AOS BEB\u00caS.<\/p>\n<p>Inclui:<br \/>\nFiguras em Cartazes (as folhas s\u00e3o soltas)<br \/>\nLivro Roteiro com esbo\u00e7o das aulas e moldes para confec\u00e7\u00e3o da Arca de No\u00e9 e de alguns animais.<br \/>\nQRCode para as musicas<\/p>\n<p>S\u00e3o 9 Hist\u00f3rias B\u00edblicas:<br \/>\n1) Ensina a obedecer a Deus<br \/>\nLi\u00e7\u00e3o: A Arca de No\u00e9<br \/>\nPartes do corpo do beb\u00eas: Corpo<br \/>\nAtributo de Deus: Deus \u00e9 Criador<\/p>\n<p>2) Ensina que Deus fez o gato e voc\u00ea<br \/>\nLi\u00e7\u00e3o: No barco entrou o gato<br \/>\nPartes do corpo do beb\u00eas: Boca<br \/>\nAtributo de Deus: Deus \u00e9 S\u00e1bio<\/p>\n<p>3) Ensina que Deus fez o cachorro e voc\u00ea<br \/>\nLi\u00e7\u00e3o: No barco entrou o cachorro<br \/>\nPartes do corpo do beb\u00eas: Pernas<br \/>\nAtributo de Deus: Deus \u00e9 Criativo<\/p>\n<p>4) Ensina que Deus fez o pato e voc\u00ea<br \/>\nLi\u00e7\u00e3o: No barco entrou o pato<br \/>\nPartes do corpo do beb\u00eas: Pele<br \/>\nAtributo de Deus: Deus \u00e9 Perfeito<\/p>\n<p>5) Ensina que Deus cuida de todos<br \/>\nLi\u00e7\u00e3o: No barco entrou a galinha<br \/>\nPartes do corpo do beb\u00eas: M\u00e3os<br \/>\nAtributo de Deus: Deus \u00e9 Forte<\/p>\n<p>6) Ensina que Deus merece receber elogios<br \/>\nLi\u00e7\u00e3o: No barco entrou o passarinho<br \/>\nPartes do corpo do beb\u00eas: Olhos<br \/>\nAtributo de Deus: Deus \u00e9 Digno<\/p>\n<p>7) Ensina que Deus fez o cavalo e voc\u00ea<br \/>\nLi\u00e7\u00e3o: No barco entrou o cavalo<br \/>\nPartes do corpo do beb\u00eas: Cabelo<br \/>\nAtributo de Deus: Deus \u00e9 Poderoso<\/p>\n<p>8) Ensina que Deus sabe tudo que pensamos<br \/>\nLi\u00e7\u00e3o: No barco entrou a tartaruga<br \/>\nPartes do corpo do beb\u00eas: Cabe\u00e7a<br \/>\nAtributo de Deus: Deus \u00e9 Onisciente<\/p>\n<p>9) Ensina que Deus fez voc\u00ea com uma cor t\u00e3o linda!<br \/>\nLi\u00e7\u00e3o: E o peixinho?<br \/>\nPartes do corpo do beb\u00eas: Cor da pele<br \/>\nAtributo de Deus: Deus \u00e9 Maravilhoso<\/p>\n","protected":false},"excerpt":{"rendered":"<p>Este volume pertence a uma s\u00e9rie para uso com crian\u00e7as de 0 a 3 anos e tem como foco, em&hellip;<\/p>\n","protected":false},"featured_media":299376,"comment_status":"open","ping_status":"closed","template":"","meta":[],"product_cat":[132,133],"product_tag":[],"_links":{"self":[{"href":"https:\/\/www.livrariarema.com.br\/loja\/wp-json\/wp\/v2\/product\/49434"}],"collection":[{"href":"https:\/\/www.livrariarema.com.br\/loja\/wp-json\/wp\/v2\/product"}],"about":[{"href":"https:\/\/www.livrariarema.com.br\/loja\/wp-json\/wp\/v2\/types\/product"}],"replies":[{"embeddable":true,"href":"https:\/\/www.livrariarema.com.br\/loja\/wp-json\/wp\/v2\/comments?post=49434"}],"wp:featuredmedia":[{"embeddable":true,"href":"https:\/\/www.livrariarema.com.br\/loja\/wp-json\/wp\/v2\/media\/299376"}],"wp:attachment":[{"href":"https:\/\/www.livrariarema.com.br\/loja\/wp-json\/wp\/v2\/media?parent=49434"}],"wp:term":[{"taxonomy":"product_cat","embeddable":true,"href":"https:\/\/www.livrariarema.com.br\/loja\/wp-json\/wp\/v2\/product_cat?post=49434"},{"taxonomy":"product_tag","embeddable":true,"href":"https:\/\/www.livrariarema.com.br\/loja\/wp-json\/wp\/v2\/product_tag?post=49434"}],"curies":[{"name":"wp","href":"https:\/\/api.w.org\/{rel}","templated":true}]}}