{"id":49502,"date":"2021-01-21T15:20:12","date_gmt":"2021-01-21T18:20:12","guid":{"rendered":"https:\/\/www.livrariarema.com.br\/loja\/produtos\/sem%20categoria\/ntlh065bpj-biblia-de-estudo-plenitude-para-jovens-cinza-escuro\/"},"modified":"2026-02-24T16:51:19","modified_gmt":"2026-02-24T19:51:19","slug":"ntlh065bpj-biblia-de-estudo-plenitude-para-jovens-cinza-escuro","status":"publish","type":"product","link":"https:\/\/www.livrariarema.com.br\/loja\/produtos\/biblias\/juvenil-biblias\/ntlh065bpj-biblia-de-estudo-plenitude-para-jovens-cinza-escuro\/","title":{"rendered":"Ntlh065bpj &#8211; B\u00edblia De Estudo Plenitude Para Jovens &#8211; Cinza Escuro"},"content":{"rendered":"<p>A B\u00edblia de Estudo Plenitude foi desenvolvida para os jovens que querem estar em dia com a atualidade e sintonizados com a verdade eterna. Cont\u00e9m recursos especiais que permitem ao jovem leitor colocar a Palavra de Deus em pr\u00e1tica e refletir sobre a sua mensagem. Entre eles, destacam-se Din\u00e2mica do Reino, que enfoca 15 temas b\u00edblicos considerados desafiadores e cruciais, trazendo discuss\u00f5es esclarecedoras desses t\u00f3picos em mais de 150 passagens b\u00edblicas; e Palavra-Chave, que re\u00fane mais de 300 termos teol\u00f3gicos. Outra ferramenta que merece aten\u00e7\u00e3o especial \u00e9 a F\u00e9 Viva, um conjunto de artigos que, al\u00e9m de esclarecer uma s\u00e9rie de trechos da B\u00edblia, contribuem para que o jovem pratique a Palavra de Deus em seu dia a dia. Com texto b\u00edblico na Nova Tradu\u00e7\u00e3o na Linguagem de Hoje, esta B\u00edblia \u00e9 de grande valia para aqueles que querem se fortalecer na f\u00e9 e descobrir o poder da Palavra de Deus.<\/p>\n<p><b>Recursos:<\/b><\/p>\n<p>&#8211; Texto b\u00edblico: Nova Tradu\u00e7\u00e3o na Linguagem de Hoje<br \/>\n&#8211; Notas pr\u00e1ticas para a aplica\u00e7\u00e3o da Palavra de Deus em sua vida pessoal<br \/>\n&#8211; Introdu\u00e7\u00e3o e esbo\u00e7o para cada um dos livros da B\u00edblia<br \/>\n&#8211; Din\u00e2mica do reino: enfoca 15 temas b\u00edblicos em mais de 150 passagens b\u00edblicas<br \/>\n&#8211; F\u00e9 Viva: conjunto de artigos que esclarece uma s\u00e9rie de trechos da B\u00edblia que contribuem para a pr\u00e1tica da Palavra de Deus<br \/>\n&#8211; Palavra-Chave: mais de 300 estudos sobre palavras da B\u00edblia com uma vis\u00e3o din\u00e2mica<br \/>\n&#8211; Luz para o Mundo: Planos para testemunhar e compartilhar com outras pessoas as boas not\u00edcias da salva\u00e7\u00e3o em Jesus Cristo<br \/>\n&#8211; Mapas e tabelas<br \/>\n&#8211; Notas e refer\u00eancias b\u00edblicas<br \/>\n&#8211; Vocabul\u00e1rio<br \/>\n&#8211; O que a B\u00edblia diz sobre o perd\u00e3o de Deus<br \/>\n&#8211; Como encontrar ajuda na B\u00edblia<br \/>\n&#8211; Leia a B\u00edblia em um ano<br \/>\n&#8211; Impress\u00e3o em duas cores<\/p>\n","protected":false},"excerpt":{"rendered":"<p>A B\u00edblia de Estudo Plenitude foi desenvolvida para os jovens que querem estar em dia com a atualidade e sintonizados&hellip;<\/p>\n","protected":false},"featured_media":338299,"comment_status":"open","ping_status":"closed","template":"","meta":[],"product_cat":[139,192],"product_tag":[],"_links":{"self":[{"href":"https:\/\/www.livrariarema.com.br\/loja\/wp-json\/wp\/v2\/product\/49502"}],"collection":[{"href":"https:\/\/www.livrariarema.com.br\/loja\/wp-json\/wp\/v2\/product"}],"about":[{"href":"https:\/\/www.livrariarema.com.br\/loja\/wp-json\/wp\/v2\/types\/product"}],"replies":[{"embeddable":true,"href":"https:\/\/www.livrariarema.com.br\/loja\/wp-json\/wp\/v2\/comments?post=49502"}],"wp:featuredmedia":[{"embeddable":true,"href":"https:\/\/www.livrariarema.com.br\/loja\/wp-json\/wp\/v2\/media\/338299"}],"wp:attachment":[{"href":"https:\/\/www.livrariarema.com.br\/loja\/wp-json\/wp\/v2\/media?parent=49502"}],"wp:term":[{"taxonomy":"product_cat","embeddable":true,"href":"https:\/\/www.livrariarema.com.br\/loja\/wp-json\/wp\/v2\/product_cat?post=49502"},{"taxonomy":"product_tag","embeddable":true,"href":"https:\/\/www.livrariarema.com.br\/loja\/wp-json\/wp\/v2\/product_tag?post=49502"}],"curies":[{"name":"wp","href":"https:\/\/api.w.org\/{rel}","templated":true}]}}