{"id":49608,"date":"2021-01-21T15:23:24","date_gmt":"2021-01-21T18:23:24","guid":{"rendered":"https:\/\/www.livrariarema.com.br\/loja\/produtos\/sem%20categoria\/impostor-que-vive-em-mim-o-brennan-manning\/"},"modified":"2025-11-29T11:20:59","modified_gmt":"2025-11-29T14:20:59","slug":"impostor-que-vive-em-mim-o-brennan-manning","status":"publish","type":"product","link":"https:\/\/www.livrariarema.com.br\/loja\/produtos\/livros\/espiritualidade\/impostor-que-vive-em-mim-o-brennan-manning\/","title":{"rendered":"Impostor Que Vive Em Mim, O &#8211; Brennan Manning"},"content":{"rendered":"<p>E, porque v\u00f3s sois filhos, enviou Deus ao nosso cora\u00e7\u00e3o o Esp\u00edrito de seu Filho, que clama: Aba, Pai!G\u00e1latas 4:6 <\/p>\n<p>Voc\u00ea consegue lembrar de algum momento da vida dissociado de sensa\u00e7\u00f5es como a culpa, o desgosto, a ansiedade ou o t\u00e9dio? <br \/>\nTalvez tenha algumas recorda\u00e7\u00f5es da inf\u00e2ncia ou da juventude. Mas onde foram parar a paix\u00e3o, a esperan\u00e7a, o vigor e a alegria daqueles tempos? <br \/>\nPor que parecem t\u00e3o inating\u00edveis hoje em dia? <br \/>\nSe essas quest\u00f5es o incomodam, saiba que h\u00e1 muita gente no mundo tentando encontrar as mesmas respostas &#8211; gente que perdeu a do\u00e7ura, a no\u00e7\u00e3o da riqueza dos gestos simples, a medida da amizade, a sensa\u00e7\u00e3o de conforto proporcionada pela certeza do Deus que participa de nosso dia-a-dia. <br \/>\nO &#8220;Papai&#8221; Aba, ao qual Jesus rogou no Calv\u00e1rio, est\u00e1 pronto para nos ajudar a deixar a vaidade de nossos zelos que, por maiores que sejam, jamais ser\u00e3o suficientes. Esta \u00e9 a mensagem de O impostor que vivem em mim, mais uma obra de Brennan Manning que a Mundo Crist\u00e3o oferece em l\u00edngua portuguesa. <br \/>\nNeste livro, o autor de O evangelho maltrapilho reflete simultaneamente sobre a dupla condi\u00e7\u00e3o da vida humana: fr\u00e1gil e dependente do Criador, mas ao mesmo tempo valorizada e querida por aquele que a gerou. <br \/>\nA gra\u00e7a, refer\u00eancia \u00fanica e suficiente, \u00e9 o eixo sobre o qual Manning estabelece esta reflex\u00e3o apaixonante, que conduz a um estado de \u00eaxtase e prostra\u00e7\u00e3o jubilosa. Deus nos ama como somos, e quer estabelecer uma rela\u00e7\u00e3o \u00edntima com aqueles que se despojam do ego impostor e clamam: &#8220;Aba, Pai!&#8221; &#8220;Brennan \u00e9 meu amigo e caminha \u00e0 minha frente na trilha que leva ao lar. <\/p>\n<p>Conforme o vejo, maior \u00e9 meu desejo de continuar e experimentar o amor de Deus como filho de Aba. Obrigado, Brennan.&#8221;Larry Crabb&#8221;<\/p>\n<p>Brennan Manning faz um excelente trabalho em soprar a poeira da teologia gasta e permitir que a gra\u00e7a fa\u00e7a o que apenas a gra\u00e7a de Deus pode fazer: ser admir\u00e1vel.&#8221;Max Lucado&#8221;<\/p>\n<p><b>Sobre o autor:<\/b><\/p>\n<p>Um dos aspectos mais interessantes sobre a trajet\u00f3ria ministerial de Brennan Manning \u00e9 o tr\u00e2nsito entre a academia e as favelas, a universidade e as vilas, povoados e corti\u00e7os. Pensador brilhante, especialista em Escrituras e Liturgia, foi entre as popula\u00e7\u00f5es carentes dos Estados Unidos e da Europa que encontrou o caminho para colocar em pr\u00e1tica o tipo de cristianismo com o qual se comprometera desde o in\u00edcio de sua voca\u00e7\u00e3o: o da compaix\u00e3o e servi\u00e7o abnegado. Com a f\u00e9 reafirmada, Brennan Manning retornou aos Estados Unidos, fixando-se inicialmente no Alabama, onde tentou organizar uma comunidade nos mesmos moldes da Igreja primitiva. Voltou ao campus no fim dos anos 1970 e, depois de enfrentar uma crise pessoal, come\u00e7ou a escrever e ministrar palestras, atividades que mant\u00e9m at\u00e9 hoje, sempre com o objetivo de comunicar o amor incondicional de Deus em Jesus.<\/p>\n","protected":false},"excerpt":{"rendered":"<p>E, porque v\u00f3s sois filhos, enviou Deus ao nosso cora\u00e7\u00e3o o Esp\u00edrito de seu Filho, que clama: Aba, Pai!G\u00e1latas 4:6&hellip;<\/p>\n","protected":false},"featured_media":332564,"comment_status":"open","ping_status":"closed","template":"","meta":[],"product_cat":[160,134],"product_tag":[],"_links":{"self":[{"href":"https:\/\/www.livrariarema.com.br\/loja\/wp-json\/wp\/v2\/product\/49608"}],"collection":[{"href":"https:\/\/www.livrariarema.com.br\/loja\/wp-json\/wp\/v2\/product"}],"about":[{"href":"https:\/\/www.livrariarema.com.br\/loja\/wp-json\/wp\/v2\/types\/product"}],"replies":[{"embeddable":true,"href":"https:\/\/www.livrariarema.com.br\/loja\/wp-json\/wp\/v2\/comments?post=49608"}],"wp:featuredmedia":[{"embeddable":true,"href":"https:\/\/www.livrariarema.com.br\/loja\/wp-json\/wp\/v2\/media\/332564"}],"wp:attachment":[{"href":"https:\/\/www.livrariarema.com.br\/loja\/wp-json\/wp\/v2\/media?parent=49608"}],"wp:term":[{"taxonomy":"product_cat","embeddable":true,"href":"https:\/\/www.livrariarema.com.br\/loja\/wp-json\/wp\/v2\/product_cat?post=49608"},{"taxonomy":"product_tag","embeddable":true,"href":"https:\/\/www.livrariarema.com.br\/loja\/wp-json\/wp\/v2\/product_tag?post=49608"}],"curies":[{"name":"wp","href":"https:\/\/api.w.org\/{rel}","templated":true}]}}

<p>E, porque vós sois filhos, enviou Deus ao nosso coração o Espírito de seu Filho, que clama: Aba, Pai!Gálatas 4:6 </p>
<p>Você consegue lembrar de algum momento da vida dissociado de sensações como a culpa, o desgosto, a ansiedade ou o tédio? <br />
Talvez tenha algumas recordações da infância ou da juventude. Mas onde foram parar a paixão, a esperança, o vigor e a alegria daqueles tempos? <br />
Por que parecem tão inatingíveis hoje em dia? <br />
Se essas questões o incomodam, saiba que há muita gente no mundo tentando encontrar as mesmas respostas &#8211; gente que perdeu a doçura, a noção da riqueza dos gestos simples, a medida da amizade, a sensação de conforto proporcionada pela certeza do Deus que participa de nosso dia-a-dia. <br />
O &#8220;Papai&#8221; Aba, ao qual Jesus rogou no Calvário, está pronto para nos ajudar a deixar a vaidade de nossos zelos que, por maiores que sejam, jamais serão suficientes. Esta é a mensagem de O impostor que vivem em mim, mais uma obra de Brennan Manning que a Mundo Cristão oferece em língua portuguesa. <br />
Neste livro, o autor de O evangelho maltrapilho reflete simultaneamente sobre a dupla condição da vida humana: frágil e dependente do Criador, mas ao mesmo tempo valorizada e querida por aquele que a gerou. <br />
A graça, referência única e suficiente, é o eixo sobre o qual Manning estabelece esta reflexão apaixonante, que conduz a um estado de êxtase e prostração jubilosa. Deus nos ama como somos, e quer estabelecer uma relação íntima com aqueles que se despojam do ego impostor e clamam: &#8220;Aba, Pai!&#8221; &#8220;Brennan é meu amigo e caminha à minha frente na trilha que leva ao lar. </p>
<p>Conforme o vejo, maior é meu desejo de continuar e experimentar o amor de Deus como filho de Aba. Obrigado, Brennan.&#8221;Larry Crabb&#8221;</p>
<p>Brennan Manning faz um excelente trabalho em soprar a poeira da teologia gasta e permitir que a graça faça o que apenas a graça de Deus pode fazer: ser admirável.&#8221;Max Lucado&#8221;</p>
<p><b>Sobre o autor:</b></p>
<p>Um dos aspectos mais interessantes sobre a trajetória ministerial de Brennan Manning é o trânsito entre a academia e as favelas, a universidade e as vilas, povoados e cortiços. Pensador brilhante, especialista em Escrituras e Liturgia, foi entre as populações carentes dos Estados Unidos e da Europa que encontrou o caminho para colocar em prática o tipo de cristianismo com o qual se comprometera desde o início de sua vocação: o da compaixão e serviço abnegado. Com a fé reafirmada, Brennan Manning retornou aos Estados Unidos, fixando-se inicialmente no Alabama, onde tentou organizar uma comunidade nos mesmos moldes da Igreja primitiva. Voltou ao campus no fim dos anos 1970 e, depois de enfrentar uma crise pessoal, começou a escrever e ministrar palestras, atividades que mantém até hoje, sempre com o objetivo de comunicar o amor incondicional de Deus em Jesus.</p>

<p>E, porque vós sois filhos, enviou Deus ao nosso coração o Espírito de seu Filho, que clama: Aba, Pai!Gálatas 4:6&hellip;</p>
