{"id":49613,"date":"2021-01-21T15:23:34","date_gmt":"2021-01-21T18:23:34","guid":{"rendered":"https:\/\/www.livrariarema.com.br\/loja\/produtos\/sem%20categoria\/anseio-furioso-de-deus-o-brennan-manning\/"},"modified":"2026-02-10T17:12:54","modified_gmt":"2026-02-10T20:12:54","slug":"anseio-furioso-de-deus-o-brennan-manning","status":"publish","type":"product","link":"https:\/\/www.livrariarema.com.br\/loja\/produtos\/livros\/espiritualidade\/anseio-furioso-de-deus-o-brennan-manning\/","title":{"rendered":"Anseio Furioso De Deus, O &#8211; Brennan Manning"},"content":{"rendered":"<p>O anseio de Deus por voc\u00ea \u00e9 maior e mais forte que qualquer elemento impulsionador da pior cat\u00e1strofe que voc\u00ea consiga imaginar. Deus n\u00e3o descansa enquanto n\u00e3o o encontra, esteja onde e como estiver, e o traz para ele de volta, para o seu af\u00e1vel cuidado. <br \/>\nVoc\u00ea \u00e9 o que Deus tem de mais precioso. E nada \u00e9 capaz de separ\u00e1-lo do amor &#8220;furioso&#8221; do Criador. Aprender a viver nesse amor e confiar em Deus \u00e9 o convite que s\u00f3 Brennan Manning, com seu toque peculiar, poderia fazer. O anseio furioso de Deus fala sobre um relacionamento de profundo amor com Deus, o amor com o qual ele ama o homem e que o fez entregar seu \u00fanico filho para a morte na cruz. Deus nos ama e espera que cultivemos uma rela\u00e7\u00e3o \u00edntima com ele. <br \/>\n\u00c9 para este anseio divino que Manning nos desperta e leva. Cada cap\u00edtulo encerra-se com algumas perguntas e reflex\u00f5es nas quais vale a pena meditar. O objetivo n\u00e3o \u00e9 que voc\u00ea encontre a resposta &#8220;certa&#8221;, e sim que essas reflex\u00f5es o fa\u00e7am parar e meditar sobre o tema tratado naquele cap\u00edtulo, operando grandes mudan\u00e7as em suas atitudes para com o Deus que tanto te ama.<\/p>\n<p>&#8220;Acredito que a express\u00e3o anseio furioso \u00e9 a melhor maneira de descrever o anelo que Deus sente por voc\u00ea e por mim. Se voc\u00ea conseguir levar consigo apenas uma mensagem da leitura deste livro, que seja a aquisi\u00e7\u00e3o do h\u00e1bito de orar essa passagem da Escritura (Cantares 7:10)&#8221;. <br \/>\nBrennan Manning<\/p>\n","protected":false},"excerpt":{"rendered":"<p>O anseio de Deus por voc\u00ea \u00e9 maior e mais forte que qualquer elemento impulsionador da pior cat\u00e1strofe que voc\u00ea&hellip;<\/p>\n","protected":false},"featured_media":327971,"comment_status":"open","ping_status":"closed","template":"","meta":[],"product_cat":[160,134],"product_tag":[],"_links":{"self":[{"href":"https:\/\/www.livrariarema.com.br\/loja\/wp-json\/wp\/v2\/product\/49613"}],"collection":[{"href":"https:\/\/www.livrariarema.com.br\/loja\/wp-json\/wp\/v2\/product"}],"about":[{"href":"https:\/\/www.livrariarema.com.br\/loja\/wp-json\/wp\/v2\/types\/product"}],"replies":[{"embeddable":true,"href":"https:\/\/www.livrariarema.com.br\/loja\/wp-json\/wp\/v2\/comments?post=49613"}],"wp:featuredmedia":[{"embeddable":true,"href":"https:\/\/www.livrariarema.com.br\/loja\/wp-json\/wp\/v2\/media\/327971"}],"wp:attachment":[{"href":"https:\/\/www.livrariarema.com.br\/loja\/wp-json\/wp\/v2\/media?parent=49613"}],"wp:term":[{"taxonomy":"product_cat","embeddable":true,"href":"https:\/\/www.livrariarema.com.br\/loja\/wp-json\/wp\/v2\/product_cat?post=49613"},{"taxonomy":"product_tag","embeddable":true,"href":"https:\/\/www.livrariarema.com.br\/loja\/wp-json\/wp\/v2\/product_tag?post=49613"}],"curies":[{"name":"wp","href":"https:\/\/api.w.org\/{rel}","templated":true}]}}