{"id":49862,"date":"2021-01-21T15:30:43","date_gmt":"2021-01-21T18:30:43","guid":{"rendered":"https:\/\/www.livrariarema.com.br\/loja\/produtos\/sem%20categoria\/comentarios-expositivos-joel-hernandes-dias-lopes\/"},"modified":"2026-03-13T16:54:09","modified_gmt":"2026-03-13T19:54:09","slug":"comentarios-expositivos-joel-hernandes-dias-lopes","status":"publish","type":"product","link":"https:\/\/www.livrariarema.com.br\/loja\/produtos\/livros\/comentario-biblico\/comentarios-expositivos-joel-hernandes-dias-lopes\/","title":{"rendered":"Coment\u00e1rios Expositivos &#8211; Joel &#8211; Hernandes Dias Lopes"},"content":{"rendered":"<p>O Livro de Joel tem dois objetivos: hist\u00f3rico e prof\u00e9tico. <\/p>\n<p>O objetivo hist\u00f3rico era chamar a na\u00e7\u00e3o de Jud\u00e1 ao arrependimento como uma rea\u00e7\u00e3o adequada aos julgamentos do Senhor com gafanhotos e estiagem, para que uma calamidade mais devastadora n\u00e3o viesse sobre eles. <\/p>\n<p>O objetivo prof\u00e9tico era apresentar o futuro Dia do Senhor, no qual ele dominar\u00e1 os pag\u00e3os, libertar\u00e1 o seu povo para habitar com ele. <\/p>\n<p>A praga de gafanhotos jamais vista antes foi somente uma antecipa\u00e7\u00e3o daquele futuro Dia do Senhor. Assim Joel tamb\u00e9m traz uma mensagem urgente para a igreja hoje de que o pecado atrai o inevit\u00e1vel ju\u00edzo divino, enquanto o arrependimento traz b\u00ean\u00e7\u00e3os materiais e espirituais; temporais e eternas.<\/p>\n","protected":false},"excerpt":{"rendered":"<p>O Livro de Joel tem dois objetivos: hist\u00f3rico e prof\u00e9tico. O objetivo hist\u00f3rico era chamar a na\u00e7\u00e3o de Jud\u00e1 ao&hellip;<\/p>\n","protected":false},"featured_media":346105,"comment_status":"open","ping_status":"closed","template":"","meta":[],"product_cat":[164,134],"product_tag":[],"_links":{"self":[{"href":"https:\/\/www.livrariarema.com.br\/loja\/wp-json\/wp\/v2\/product\/49862"}],"collection":[{"href":"https:\/\/www.livrariarema.com.br\/loja\/wp-json\/wp\/v2\/product"}],"about":[{"href":"https:\/\/www.livrariarema.com.br\/loja\/wp-json\/wp\/v2\/types\/product"}],"replies":[{"embeddable":true,"href":"https:\/\/www.livrariarema.com.br\/loja\/wp-json\/wp\/v2\/comments?post=49862"}],"wp:featuredmedia":[{"embeddable":true,"href":"https:\/\/www.livrariarema.com.br\/loja\/wp-json\/wp\/v2\/media\/346105"}],"wp:attachment":[{"href":"https:\/\/www.livrariarema.com.br\/loja\/wp-json\/wp\/v2\/media?parent=49862"}],"wp:term":[{"taxonomy":"product_cat","embeddable":true,"href":"https:\/\/www.livrariarema.com.br\/loja\/wp-json\/wp\/v2\/product_cat?post=49862"},{"taxonomy":"product_tag","embeddable":true,"href":"https:\/\/www.livrariarema.com.br\/loja\/wp-json\/wp\/v2\/product_tag?post=49862"}],"curies":[{"name":"wp","href":"https:\/\/api.w.org\/{rel}","templated":true}]}}