{"id":49930,"date":"2021-01-21T15:32:53","date_gmt":"2021-01-21T18:32:53","guid":{"rendered":"https:\/\/www.livrariarema.com.br\/loja\/produtos\/sem%20categoria\/vida-crista-normal-a-watchman-nee\/"},"modified":"2026-04-13T12:53:58","modified_gmt":"2026-04-13T15:53:58","slug":"vida-crista-normal-a-watchman-nee","status":"publish","type":"product","link":"https:\/\/www.livrariarema.com.br\/loja\/produtos\/livros\/crescimento-espiritual\/vida-crista-normal-a-watchman-nee\/","title":{"rendered":"Vida Crist\u00e3 Normal, A &#8211; Watchman Nee"},"content":{"rendered":"<p>O que \u00e9 a vida crist\u00e3 normal? Quem pode viver tal vida? Uma an\u00e1lise da Palavra de Deus leva-nos a concluir que, desde o \u00c9den, tal vida somente foi vivida sobre a terra pelo pr\u00f3prio Filho de Deus. Nessa \u00fanica bendita exce\u00e7\u00e3o encontramos, imediatamente, as respostas \u00e0s nossas perguntas.<\/p>\n<p>Deus tem somente uma resposta para cada necessidade humana: Seu Filho, Jesus Cristo. Em todo Seu lidar conosco, Deus sempre usa o crit\u00e9rio de nos tirar de cena e colocar Cristo em nosso lugar. O Filho de Deus morreu em nosso lugar para nosso perd\u00e3o, e Ele vive em nosso lugar para nossa liberta\u00e7\u00e3o. Neste volume, um dos cl\u00e1ssicos da literatura crist\u00e3 do s\u00e9culo passado, o autor mostra por meio de um estudo cativante dos primeiros oito cap\u00edtulos da Ep\u00edstola aos Romanos o que \u00e9 essa vida crist\u00e3 normal, qual \u00e9 a sua base segundo a Palavra de Deus e quais s\u00e3o suas conseq\u00fc\u00eancias pr\u00e1ticas na vida do crist\u00e3o. O autor ajuda a entender porque nossa experi\u00eancia \u00e9 muitas vezes t\u00e3o diferente da vida crist\u00e3 normal, definida pelo pr\u00f3prio ap\u00f3stolo Paulo: &#8220;J\u00e1 n\u00e3o sou em quem vive, mas Cristo vive em mim&#8221; (Gl 2:20a).<\/p>\n","protected":false},"excerpt":{"rendered":"<p>O que \u00e9 a vida crist\u00e3 normal? Quem pode viver tal vida? Uma an\u00e1lise da Palavra de Deus leva-nos a&hellip;<\/p>\n","protected":false},"featured_media":346965,"comment_status":"open","ping_status":"closed","template":"","meta":[],"product_cat":[147,134],"product_tag":[],"_links":{"self":[{"href":"https:\/\/www.livrariarema.com.br\/loja\/wp-json\/wp\/v2\/product\/49930"}],"collection":[{"href":"https:\/\/www.livrariarema.com.br\/loja\/wp-json\/wp\/v2\/product"}],"about":[{"href":"https:\/\/www.livrariarema.com.br\/loja\/wp-json\/wp\/v2\/types\/product"}],"replies":[{"embeddable":true,"href":"https:\/\/www.livrariarema.com.br\/loja\/wp-json\/wp\/v2\/comments?post=49930"}],"wp:featuredmedia":[{"embeddable":true,"href":"https:\/\/www.livrariarema.com.br\/loja\/wp-json\/wp\/v2\/media\/346965"}],"wp:attachment":[{"href":"https:\/\/www.livrariarema.com.br\/loja\/wp-json\/wp\/v2\/media?parent=49930"}],"wp:term":[{"taxonomy":"product_cat","embeddable":true,"href":"https:\/\/www.livrariarema.com.br\/loja\/wp-json\/wp\/v2\/product_cat?post=49930"},{"taxonomy":"product_tag","embeddable":true,"href":"https:\/\/www.livrariarema.com.br\/loja\/wp-json\/wp\/v2\/product_tag?post=49930"}],"curies":[{"name":"wp","href":"https:\/\/api.w.org\/{rel}","templated":true}]}}