{"id":50099,"date":"2021-01-21T15:38:52","date_gmt":"2021-01-21T18:38:52","guid":{"rendered":"https:\/\/www.livrariarema.com.br\/loja\/produtos\/sem%20categoria\/havendo-deus-falado-vol-3-stephen-kaung\/"},"modified":"2026-04-13T12:51:39","modified_gmt":"2026-04-13T15:51:39","slug":"havendo-deus-falado-vol-3-stephen-kaung","status":"publish","type":"product","link":"https:\/\/www.livrariarema.com.br\/loja\/produtos\/livros\/estudo-biblico\/havendo-deus-falado-vol-3-stephen-kaung\/","title":{"rendered":"Havendo Deus Falado Vol. 3 &#8211; Stephen Kaung"},"content":{"rendered":"<p>Cristo, o amado Filho de Deus, \u00e9 o tema de tudo que o Pai tem a dizer no Antigo e no Novo Testamento. Se n\u00e3o virmos isso, a B\u00edblia ser\u00e1 para n\u00f3s apenas hist\u00f3ria, profecia, doutrina e poesia. Mas se Cristo nos for revelado, ent\u00e3o a Palavra ser\u00e1 descortinada diante de nossos olhos.<\/p>\n<p>Na s\u00e9rie Havendo Deus Falado, Stephen Kaung abre o Antigo Testamento com o objetivo de trazer ao leitor o pensamento central de Deus em cada um de seus 39 livros, de G\u00eanesis a Malaquias. Neste volume, o terceiro da s\u00e9rie, o autor compartilha sobre como Deus nos fala nos quatro \u00faltimos livros hist\u00f3ricos:<\/p>\n<p>&#8211; 1 Reis fala da import\u00e2ncia da sabedoria e do minist\u00e9rio prof\u00e9tico;<\/p>\n<p>&#8211; 2 Reis fala da necessidade de lideran\u00e7a espiritual no povo de Deus;<\/p>\n<p>&#8211; 1 Cr\u00f4nicas fala do amor como base para estabelecer a casa de Deus;<\/p>\n<p>&#8211; 2 Cr\u00f4nicas fala da sabedoria para edificar a casa de Deus.<\/p>\n<p>Possamos ter nossos olhos abertos para, com a perspectiva do Pai, ouvirmos Aquele por meio de quem Deus tem nos falado hoje. &#8220;Havendo Deus, outrora, falado, muitas vezes e de muitas maneiras, aos pais, pelos profetas, nestes \u00faltimos dias, nos falou pelo Filho&#8230;&#8221; Hb 1:1,2a<\/p>\n","protected":false},"excerpt":{"rendered":"<p>Cristo, o amado Filho de Deus, \u00e9 o tema de tudo que o Pai tem a dizer no Antigo e&hellip;<\/p>\n","protected":false},"featured_media":346956,"comment_status":"open","ping_status":"closed","template":"","meta":[],"product_cat":[161,134],"product_tag":[],"_links":{"self":[{"href":"https:\/\/www.livrariarema.com.br\/loja\/wp-json\/wp\/v2\/product\/50099"}],"collection":[{"href":"https:\/\/www.livrariarema.com.br\/loja\/wp-json\/wp\/v2\/product"}],"about":[{"href":"https:\/\/www.livrariarema.com.br\/loja\/wp-json\/wp\/v2\/types\/product"}],"replies":[{"embeddable":true,"href":"https:\/\/www.livrariarema.com.br\/loja\/wp-json\/wp\/v2\/comments?post=50099"}],"wp:featuredmedia":[{"embeddable":true,"href":"https:\/\/www.livrariarema.com.br\/loja\/wp-json\/wp\/v2\/media\/346956"}],"wp:attachment":[{"href":"https:\/\/www.livrariarema.com.br\/loja\/wp-json\/wp\/v2\/media?parent=50099"}],"wp:term":[{"taxonomy":"product_cat","embeddable":true,"href":"https:\/\/www.livrariarema.com.br\/loja\/wp-json\/wp\/v2\/product_cat?post=50099"},{"taxonomy":"product_tag","embeddable":true,"href":"https:\/\/www.livrariarema.com.br\/loja\/wp-json\/wp\/v2\/product_tag?post=50099"}],"curies":[{"name":"wp","href":"https:\/\/api.w.org\/{rel}","templated":true}]}}