{"id":50455,"date":"2021-01-21T15:58:27","date_gmt":"2021-01-21T18:58:27","guid":{"rendered":"https:\/\/www.livrariarema.com.br\/loja\/produtos\/sem%20categoria\/vinho-novo-e-melhor-o-robert-thom\/"},"modified":"2026-04-15T16:50:43","modified_gmt":"2026-04-15T19:50:43","slug":"vinho-novo-e-melhor-o-robert-thom","status":"publish","type":"product","link":"https:\/\/www.livrariarema.com.br\/loja\/produtos\/livros\/biografia\/vinho-novo-e-melhor-o-robert-thom\/","title":{"rendered":"Vinho Novo \u00c9 Melhor, O &#8211; Robert Thom"},"content":{"rendered":"<p>Esta \u00e9 a hist\u00f3ria inspirativa de um homem que via o invis\u00edvel, acreditava no incr\u00edvel e recebia o imposs\u00edvel. A trajet\u00f3ria de Robert Thom prova que milagres acontecem ainda hoje. <\/p>\n<p>O vinho novo \u00e9 melhor apresenta o relato emocionante de como um marinheiro sul-africano e alco\u00f3latra descobriu o cristianismo e foi transformado em um verdadeiro homem de f\u00e9, como os da Igreja Primitiva. <\/p>\n<p>A leitura desse best-seller desafiar\u00e1 voc\u00ea a desfrutar das alegrias e das aventuras inesperadas de viver na depend\u00eancia de Deus. Uma leitura que desvendar\u00e1 como a f\u00e9 agiu na vida do autor e pode operar em benef\u00edcio de todos quantos se renderem ao Senhor Jesus na caminhada crist\u00e3. Receba o vinho novo que o Senhor dos milagres reservou para voc\u00ea!<\/p>\n","protected":false},"excerpt":{"rendered":"<p>Esta \u00e9 a hist\u00f3ria inspirativa de um homem que via o invis\u00edvel, acreditava no incr\u00edvel e recebia o imposs\u00edvel. A&hellip;<\/p>\n","protected":false},"featured_media":345945,"comment_status":"open","ping_status":"closed","template":"","meta":[],"product_cat":[181,134],"product_tag":[],"_links":{"self":[{"href":"https:\/\/www.livrariarema.com.br\/loja\/wp-json\/wp\/v2\/product\/50455"}],"collection":[{"href":"https:\/\/www.livrariarema.com.br\/loja\/wp-json\/wp\/v2\/product"}],"about":[{"href":"https:\/\/www.livrariarema.com.br\/loja\/wp-json\/wp\/v2\/types\/product"}],"replies":[{"embeddable":true,"href":"https:\/\/www.livrariarema.com.br\/loja\/wp-json\/wp\/v2\/comments?post=50455"}],"wp:featuredmedia":[{"embeddable":true,"href":"https:\/\/www.livrariarema.com.br\/loja\/wp-json\/wp\/v2\/media\/345945"}],"wp:attachment":[{"href":"https:\/\/www.livrariarema.com.br\/loja\/wp-json\/wp\/v2\/media?parent=50455"}],"wp:term":[{"taxonomy":"product_cat","embeddable":true,"href":"https:\/\/www.livrariarema.com.br\/loja\/wp-json\/wp\/v2\/product_cat?post=50455"},{"taxonomy":"product_tag","embeddable":true,"href":"https:\/\/www.livrariarema.com.br\/loja\/wp-json\/wp\/v2\/product_tag?post=50455"}],"curies":[{"name":"wp","href":"https:\/\/api.w.org\/{rel}","templated":true}]}}