{"id":50614,"date":"2021-01-21T16:03:39","date_gmt":"2021-01-21T19:03:39","guid":{"rendered":"https:\/\/www.livrariarema.com.br\/loja\/produtos\/sem%20categoria\/bela-aos-olhos-de-deus-elizabeth-george\/"},"modified":"2026-04-17T18:11:34","modified_gmt":"2026-04-17T21:11:34","slug":"bela-aos-olhos-de-deus-elizabeth-george","status":"publish","type":"product","link":"https:\/\/www.livrariarema.com.br\/loja\/produtos\/livros\/mulher\/bela-aos-olhos-de-deus-elizabeth-george\/","title":{"rendered":"Bela Aos Olhos De Deus &#8211; Elizabeth George"},"content":{"rendered":"<p>Era uma vez uma mulher era bela, habilidosa, virtuosa e s\u00e1bia. Ela gozava do amor e da confian\u00e7a incondicional do marido, do respeito dos filhos e da admira\u00e7\u00e3o da sociedade. Produtiva, era muito competente em suas atividades profissionais e dom\u00e9sticas e extremamente rigorosa com hor\u00e1rios e compromissos; apesar disso, conseguia reservar bastante tempo para si mesma e cultivava a espiritualidade. Tinha elevada auto-estima e n\u00e3o abria m\u00e3o das atividades que lhe proporcionavam prazer e realiza\u00e7\u00e3o pessoal. Gozava de bom padr\u00e3o econ\u00f4mico &#8211; seu marido era um juiz &#8211; e sabia apreciar as boas coisas da vida, mas rejeitava o consumismo e as futilidades: era solid\u00e1ria e importava-se com a causa dos menos favorecidos. Essa mulher contava com a gratid\u00e3o e o reconhecimento da fam\u00edlia por tudo o que ela era e fazia e, sobretudo, era bela aos olhos de Deus.  <\/p>\n<p>Essa &#8220;mulher ideal&#8221;, cujo nome \u00e9 desconhecido, \u00e9 descrita por um rei no cap\u00edtulo 31 do livro b\u00edblico de Prov\u00e9rbios de Salom\u00e3o. Ainda que seja uma personagem perdida no tempo, ela re\u00fane as qualidades e virtudes que toda mulher sonha para si. E \u00e9 a partir da &#8220;mulher de Prov\u00e9rbios 31&#8221; que Elizabeth George sugere \u00e0 leitora que ela tamb\u00e9m pode ser assim. Bela aos Olhos de Deus ensina \u00e0 mulher moderna que os valores e prioridades daquela amiga do passado t\u00eam muito a ver com ela, hoje. Cada detalhe da vida de uma encontra correspond\u00eancia na da outra &#8211; assim, a &#8220;joia cintilante&#8221; \u00e9 o valor da mulher; a &#8220;atitude animada&#8221; \u00e9 o trabalho; o &#8220;olhar atento&#8221; tem a ver com a administra\u00e7\u00e3o da vida; e o &#8220;c\u00e1lice de b\u00ean\u00e7\u00e3os&#8221; nada mais \u00e9 que a fam\u00edlia unida e feliz. <\/p>\n<p>Com sensibilidade e sabedoria, a autora incentiva a leitora a conduzir sua vida com firmeza de car\u00e1ter, fidelidade ao que \u00e9 certo, esp\u00edrito empreendedor e disciplina. No mundo contempor\u00e2neo, no qual o culto ao corpo e a valoriza\u00e7\u00e3o de atributos materiais t\u00eam condenado tantas mulheres \u00e0 frustra\u00e7\u00e3o, Bela aos Olhos de Deus refor\u00e7a a antiga &#8211; e nem sempre compreendida &#8211; ideia de que a verdadeira beleza de uma mulher est\u00e1 dentro dela. Uma beleza que, se for corretamente cultivada e usufru\u00edda, certamente vir\u00e1 para fora, fazendo da mulher um ser especial para si mesma e para todos os que com ela convivem.<\/p>\n","protected":false},"excerpt":{"rendered":"<p>Era uma vez uma mulher era bela, habilidosa, virtuosa e s\u00e1bia. Ela gozava do amor e da confian\u00e7a incondicional do&hellip;<\/p>\n","protected":false},"featured_media":346072,"comment_status":"open","ping_status":"closed","template":"","meta":[],"product_cat":[134,170],"product_tag":[],"_links":{"self":[{"href":"https:\/\/www.livrariarema.com.br\/loja\/wp-json\/wp\/v2\/product\/50614"}],"collection":[{"href":"https:\/\/www.livrariarema.com.br\/loja\/wp-json\/wp\/v2\/product"}],"about":[{"href":"https:\/\/www.livrariarema.com.br\/loja\/wp-json\/wp\/v2\/types\/product"}],"replies":[{"embeddable":true,"href":"https:\/\/www.livrariarema.com.br\/loja\/wp-json\/wp\/v2\/comments?post=50614"}],"wp:featuredmedia":[{"embeddable":true,"href":"https:\/\/www.livrariarema.com.br\/loja\/wp-json\/wp\/v2\/media\/346072"}],"wp:attachment":[{"href":"https:\/\/www.livrariarema.com.br\/loja\/wp-json\/wp\/v2\/media?parent=50614"}],"wp:term":[{"taxonomy":"product_cat","embeddable":true,"href":"https:\/\/www.livrariarema.com.br\/loja\/wp-json\/wp\/v2\/product_cat?post=50614"},{"taxonomy":"product_tag","embeddable":true,"href":"https:\/\/www.livrariarema.com.br\/loja\/wp-json\/wp\/v2\/product_tag?post=50614"}],"curies":[{"name":"wp","href":"https:\/\/api.w.org\/{rel}","templated":true}]}}