{"id":50795,"date":"2021-01-21T16:08:39","date_gmt":"2021-01-21T19:08:39","guid":{"rendered":"https:\/\/www.livrariarema.com.br\/loja\/produtos\/sem%20categoria\/quatro-estacoes-do-casamento-as-gary-chapman\/"},"modified":"2026-02-26T14:20:47","modified_gmt":"2026-02-26T17:20:47","slug":"quatro-estacoes-do-casamento-as-gary-chapman","status":"publish","type":"product","link":"https:\/\/www.livrariarema.com.br\/loja\/produtos\/livros\/casamento\/quatro-estacoes-do-casamento-as-gary-chapman\/","title":{"rendered":"Quatro Esta\u00e7\u00f5es Do Casamento, As &#8211; Gary Chapman"},"content":{"rendered":"<p>No casamento, a gente s\u00f3 entende o clima quando olha para dentro da janela.<\/p>\n<p>Os orientais avaliam \u00e2nimos e humores pelas esta\u00e7\u00f5es do ano. E os casamentos, em certo sentido, se assemelham muito aos sentimentos que cada uma delas propicia. O ver\u00e3o \u00e9 cheio de alegria, celebra\u00e7\u00e3o e atividade. O outono carrega ares de tristeza, ang\u00fastia e perda. A primavera traz expectativas, promessas e a oportunidade do recome\u00e7o. O inverno, por sua vez, \u00e9 a \u00e9poca da frieza, da indiferen\u00e7a e do isolamento.<\/p>\n<p>Em qual das esta\u00e7\u00f5es voc\u00ea vive com seu c\u00f4njuge? O que tem feito para tornar seu relacionamento cada vez mais est\u00e1vel, feliz e emocionalmente rico? Gary Chapman , autor de As cinco linguagens do amor &#8211; um sucesso que gerou v\u00e1rias continua\u00e7\u00f5es e presen\u00e7a constante em listas de mais vendidos, entre as quais a lideran\u00e7a por v\u00e1rias semanas do ranking de livros religiosos da respeitad\u00edssima Publishers Weekly -, tem uma ajuda preciosa para oferecer.<\/p>\n<p><b>Sobre o autor:<\/b><\/p>\n<p>Com mais de 30 anos de experi\u00eancia em aconselhamento familiar e a respeitabilidade de quem pesquisa e ministra palestras sobre o assunto h\u00e1 d\u00e9cadas, o dr. Chapman sugere estrat\u00e9gias comprovadamente eficazes, baseadas em princ\u00edpios e valores s\u00f3lidos, para combater os fatores nocivos ao casamento e desenvolver um ambiente de conviv\u00eancia que permita a flu\u00eancia das linguagens do cora\u00e7\u00e3o.<\/p>\n","protected":false},"excerpt":{"rendered":"<p>No casamento, a gente s\u00f3 entende o clima quando olha para dentro da janela. Os orientais avaliam \u00e2nimos e humores&hellip;<\/p>\n","protected":false},"featured_media":339553,"comment_status":"open","ping_status":"closed","template":"","meta":[],"product_cat":[155,134],"product_tag":[],"_links":{"self":[{"href":"https:\/\/www.livrariarema.com.br\/loja\/wp-json\/wp\/v2\/product\/50795"}],"collection":[{"href":"https:\/\/www.livrariarema.com.br\/loja\/wp-json\/wp\/v2\/product"}],"about":[{"href":"https:\/\/www.livrariarema.com.br\/loja\/wp-json\/wp\/v2\/types\/product"}],"replies":[{"embeddable":true,"href":"https:\/\/www.livrariarema.com.br\/loja\/wp-json\/wp\/v2\/comments?post=50795"}],"wp:featuredmedia":[{"embeddable":true,"href":"https:\/\/www.livrariarema.com.br\/loja\/wp-json\/wp\/v2\/media\/339553"}],"wp:attachment":[{"href":"https:\/\/www.livrariarema.com.br\/loja\/wp-json\/wp\/v2\/media?parent=50795"}],"wp:term":[{"taxonomy":"product_cat","embeddable":true,"href":"https:\/\/www.livrariarema.com.br\/loja\/wp-json\/wp\/v2\/product_cat?post=50795"},{"taxonomy":"product_tag","embeddable":true,"href":"https:\/\/www.livrariarema.com.br\/loja\/wp-json\/wp\/v2\/product_tag?post=50795"}],"curies":[{"name":"wp","href":"https:\/\/api.w.org\/{rel}","templated":true}]}}