{"id":51154,"date":"2021-01-21T16:20:53","date_gmt":"2021-01-21T19:20:53","guid":{"rendered":"https:\/\/www.livrariarema.com.br\/loja\/produtos\/sem%20categoria\/vida-crucificada-a-a-w-tozer\/"},"modified":"2025-12-11T15:34:34","modified_gmt":"2025-12-11T18:34:34","slug":"vida-crucificada-a-a-w-tozer","status":"publish","type":"product","link":"https:\/\/www.livrariarema.com.br\/loja\/produtos\/livros\/vida-crista\/vida-crucificada-a-a-w-tozer\/","title":{"rendered":"Vida Crucificada, A &#8211; A. W. Tozer"},"content":{"rendered":"<p>Fui crucificado com Cristo. Assim, j\u00e1 n\u00e3o sou eu quem vive, mas Cristo vive em mim. A vida que agora vivo no corpo, vivo-a pela f\u00e9 no filho de Deus, que me amou e se entregou por mim.<br \/>\nG\u00e1latas 2.20<\/p>\n<p>O que significa estar &#8220;crucificado com Cristo&#8221;?<\/p>\n<p>A vida inteira, o renomado professor A. W. Tozer foi convidado com frequ\u00eancia para falar em semin\u00e1rios, igrejas e confer\u00eancias b\u00edblicas a respeito da cruz e seu significado na vida crist\u00e3. Agora, nesta compila\u00e7\u00e3o in\u00e9dita de seu melhor ensino sobre o assunto, voc\u00ea obter\u00e1 um entendimento renovado da centralidade da cruz no seu caminhar de f\u00e9 em Cristo.<\/p>\n<p>O ap\u00f3stolo Paulo declarou em sua carta aos g\u00e1latas que havia sido &#8220;crucificado com Cristo&#8221;. Mas o que significa isso? \u00c9 algo que todo crist\u00e3o pode e deve afirmar? A vida crucificada \u00e9 um exame abrangente dessas quest\u00f5es, respondidas com o profundo pensamento b\u00edblico pelo qual Tozer costuma ser reverenciado. &#8220;Deus \u00e9 h\u00e1bil em desenvolver cruzes para seus seguidores&#8221;, ele gostava de dizer. No cerne deste livro, voc\u00ea encontrar\u00e1 um chamado para seguir Cristo at\u00e9 a cruz e ser ressuscitado para uma nova vida &#8211; um chamado para viver a vida crucificada.<\/p>\n<p>A. W. Tozer iniciou sua busca permanente por Deus aos 17 anos, depois de ouvir uma prega\u00e7\u00e3o ao ar livre em Akron, Ohio. Te\u00f3logo autodidata, Tozer tamb\u00e9m foi pastor, escritor e editor cujo uso poderoso das palavras continua a desafiar o intelecto e revolver a alma dos crist\u00e3os de hoje. Ele \u00e9 autor de mais de 40 livros. \u00c0 procura de Deus e O conhecimento do Santo s\u00e3o considerados cl\u00e1ssicos devocionais modernos. <\/p>\n","protected":false},"excerpt":{"rendered":"<p>Fui crucificado com Cristo. Assim, j\u00e1 n\u00e3o sou eu quem vive, mas Cristo vive em mim. A vida que agora&hellip;<\/p>\n","protected":false},"featured_media":330860,"comment_status":"open","ping_status":"closed","template":"","meta":[],"product_cat":[134,137],"product_tag":[],"_links":{"self":[{"href":"https:\/\/www.livrariarema.com.br\/loja\/wp-json\/wp\/v2\/product\/51154"}],"collection":[{"href":"https:\/\/www.livrariarema.com.br\/loja\/wp-json\/wp\/v2\/product"}],"about":[{"href":"https:\/\/www.livrariarema.com.br\/loja\/wp-json\/wp\/v2\/types\/product"}],"replies":[{"embeddable":true,"href":"https:\/\/www.livrariarema.com.br\/loja\/wp-json\/wp\/v2\/comments?post=51154"}],"wp:featuredmedia":[{"embeddable":true,"href":"https:\/\/www.livrariarema.com.br\/loja\/wp-json\/wp\/v2\/media\/330860"}],"wp:attachment":[{"href":"https:\/\/www.livrariarema.com.br\/loja\/wp-json\/wp\/v2\/media?parent=51154"}],"wp:term":[{"taxonomy":"product_cat","embeddable":true,"href":"https:\/\/www.livrariarema.com.br\/loja\/wp-json\/wp\/v2\/product_cat?post=51154"},{"taxonomy":"product_tag","embeddable":true,"href":"https:\/\/www.livrariarema.com.br\/loja\/wp-json\/wp\/v2\/product_tag?post=51154"}],"curies":[{"name":"wp","href":"https:\/\/api.w.org\/{rel}","templated":true}]}}