{"id":51356,"date":"2021-01-21T16:27:16","date_gmt":"2021-01-21T19:27:16","guid":{"rendered":"https:\/\/www.livrariarema.com.br\/loja\/produtos\/sem%20categoria\/desafio-de-amar-o-stephen-e-alex-kendrick\/"},"modified":"2026-03-26T11:10:35","modified_gmt":"2026-03-26T14:10:35","slug":"desafio-de-amar-o-stephen-e-alex-kendrick","status":"publish","type":"product","link":"https:\/\/www.livrariarema.com.br\/loja\/produtos\/livros\/casamento\/desafio-de-amar-o-stephen-e-alex-kendrick\/","title":{"rendered":"Desafio De Amar, O &#8211; Stephen E Alex Kendrick"},"content":{"rendered":"<p>Citado no filme Prova de Fogo, o livro O Desafio de Amar \u00e9 uma experi\u00eancia devocional de 40 dias para maridos e esposas que desejam entender o amor incondicional independente de como esteja o seu casamento.<\/p>\n<p>O Desafio de Amar \u00e9 ideal para minist\u00e9rios de casais, para presentar seu amigo casado ou at\u00e9 mesmo para usar como uma ferramenta importante para renova\u00e7\u00e3o do seu casamento. Amea\u00e7ado ou saud\u00e1vel, O Desafio de Amar \u00e9 uma estrada que precisa ser seguida. \u00c9 hora de descobrir os segredos de um casamento cheio de vida e da verdadeira intimidade.<\/p>\n<p>Este livro \u00e9 citado dentro do filme Prova de Fogo (dos mesmos produtores de Desafiando os Gigantes). O livro n\u00e3o \u00e9 a trama do filme em si, \u00e9 apenas um dos recursos usados por um dos personagens do filme &#8211; que agora poder\u00e1 tamb\u00e9m ser um recurso para voc\u00ea usar em sua vida ou no minist\u00e9rio de casais de sua igreja.<\/p>\n<p>Conforme proposto no filme, o livro O Desafio de Amar \u00e9 feito em forma de um di\u00e1rio, onde durante 40 dias voc\u00ea encontra um devocional di\u00e1rio e um desafio espec\u00edfico para aquele dia. Todas as leituras incluem as Escrituras, um &#8220;desafio&#8221; do dia e um espa\u00e7o para anota\u00e7\u00e3o e verifica\u00e7\u00e3o do progresso. Desafie-se a aceitar o desafio de amar e veja o seu casamento ser transformado para sempre.<\/p>\n<p>Para comprar o filme Prova de Fogo (que cita este livro e mostra ele sendo aplicado), clique aqui.<\/p>\n<p>Aceite o desafio!<\/p>\n","protected":false},"excerpt":{"rendered":"<p>Citado no filme Prova de Fogo, o livro O Desafio de Amar \u00e9 uma experi\u00eancia devocional de 40 dias para&hellip;<\/p>\n","protected":false},"featured_media":345168,"comment_status":"open","ping_status":"closed","template":"","meta":[],"product_cat":[155,134],"product_tag":[],"_links":{"self":[{"href":"https:\/\/www.livrariarema.com.br\/loja\/wp-json\/wp\/v2\/product\/51356"}],"collection":[{"href":"https:\/\/www.livrariarema.com.br\/loja\/wp-json\/wp\/v2\/product"}],"about":[{"href":"https:\/\/www.livrariarema.com.br\/loja\/wp-json\/wp\/v2\/types\/product"}],"replies":[{"embeddable":true,"href":"https:\/\/www.livrariarema.com.br\/loja\/wp-json\/wp\/v2\/comments?post=51356"}],"wp:featuredmedia":[{"embeddable":true,"href":"https:\/\/www.livrariarema.com.br\/loja\/wp-json\/wp\/v2\/media\/345168"}],"wp:attachment":[{"href":"https:\/\/www.livrariarema.com.br\/loja\/wp-json\/wp\/v2\/media?parent=51356"}],"wp:term":[{"taxonomy":"product_cat","embeddable":true,"href":"https:\/\/www.livrariarema.com.br\/loja\/wp-json\/wp\/v2\/product_cat?post=51356"},{"taxonomy":"product_tag","embeddable":true,"href":"https:\/\/www.livrariarema.com.br\/loja\/wp-json\/wp\/v2\/product_tag?post=51356"}],"curies":[{"name":"wp","href":"https:\/\/api.w.org\/{rel}","templated":true}]}}