{"id":51374,"date":"2021-01-21T16:27:51","date_gmt":"2021-01-21T19:27:51","guid":{"rendered":"https:\/\/www.livrariarema.com.br\/loja\/produtos\/sem%20categoria\/historia-em-quadrinhos-moises\/"},"modified":"2025-12-02T16:29:43","modified_gmt":"2025-12-02T19:29:43","slug":"historia-em-quadrinhos-moises","status":"publish","type":"product","link":"https:\/\/www.livrariarema.com.br\/loja\/produtos\/livros\/manga-hq\/historia-em-quadrinhos-moises\/","title":{"rendered":"Hist\u00f3ria Em Quadrinhos &#8211; Mois\u00e9s"},"content":{"rendered":"<p>A hist\u00f3ria do homem de Deus que libertou o povo de Israel das garras do Egito.<\/p>\n","protected":false},"excerpt":{"rendered":"<p>A hist\u00f3ria do homem de Deus que libertou o povo de Israel das garras do Egito.<\/p>\n","protected":false},"featured_media":341933,"comment_status":"open","ping_status":"closed","template":"","meta":[],"product_cat":[134,189],"product_tag":[],"_links":{"self":[{"href":"https:\/\/www.livrariarema.com.br\/loja\/wp-json\/wp\/v2\/product\/51374"}],"collection":[{"href":"https:\/\/www.livrariarema.com.br\/loja\/wp-json\/wp\/v2\/product"}],"about":[{"href":"https:\/\/www.livrariarema.com.br\/loja\/wp-json\/wp\/v2\/types\/product"}],"replies":[{"embeddable":true,"href":"https:\/\/www.livrariarema.com.br\/loja\/wp-json\/wp\/v2\/comments?post=51374"}],"wp:featuredmedia":[{"embeddable":true,"href":"https:\/\/www.livrariarema.com.br\/loja\/wp-json\/wp\/v2\/media\/341933"}],"wp:attachment":[{"href":"https:\/\/www.livrariarema.com.br\/loja\/wp-json\/wp\/v2\/media?parent=51374"}],"wp:term":[{"taxonomy":"product_cat","embeddable":true,"href":"https:\/\/www.livrariarema.com.br\/loja\/wp-json\/wp\/v2\/product_cat?post=51374"},{"taxonomy":"product_tag","embeddable":true,"href":"https:\/\/www.livrariarema.com.br\/loja\/wp-json\/wp\/v2\/product_tag?post=51374"}],"curies":[{"name":"wp","href":"https:\/\/api.w.org\/{rel}","templated":true}]}}