{"id":51390,"date":"2021-01-21T16:28:24","date_gmt":"2021-01-21T19:28:24","guid":{"rendered":"https:\/\/www.livrariarema.com.br\/loja\/produtos\/sem%20categoria\/livro-turminha-salmos-para-criancas\/"},"modified":"2026-03-07T10:31:04","modified_gmt":"2026-03-07T13:31:04","slug":"livro-turminha-salmos-para-criancas","status":"publish","type":"product","link":"https:\/\/www.livrariarema.com.br\/loja\/produtos\/livros\/infantil\/livro-turminha-salmos-para-criancas\/","title":{"rendered":"Salmos Para Crian\u00e7as &#8211; Turminha Da Gra\u00e7a"},"content":{"rendered":"<p>O ensino da f\u00e9 crist\u00e3 em 40 vers\u00edculos de Salmos ilustrados e adaptados para crian\u00e7as.<\/p>\n","protected":false},"excerpt":{"rendered":"<p>O ensino da f\u00e9 crist\u00e3 em 40 vers\u00edculos de Salmos ilustrados e adaptados para crian\u00e7as.<\/p>\n","protected":false},"featured_media":286125,"comment_status":"open","ping_status":"closed","template":"","meta":[],"product_cat":[144,134],"product_tag":[],"_links":{"self":[{"href":"https:\/\/www.livrariarema.com.br\/loja\/wp-json\/wp\/v2\/product\/51390"}],"collection":[{"href":"https:\/\/www.livrariarema.com.br\/loja\/wp-json\/wp\/v2\/product"}],"about":[{"href":"https:\/\/www.livrariarema.com.br\/loja\/wp-json\/wp\/v2\/types\/product"}],"replies":[{"embeddable":true,"href":"https:\/\/www.livrariarema.com.br\/loja\/wp-json\/wp\/v2\/comments?post=51390"}],"wp:featuredmedia":[{"embeddable":true,"href":"https:\/\/www.livrariarema.com.br\/loja\/wp-json\/wp\/v2\/media\/286125"}],"wp:attachment":[{"href":"https:\/\/www.livrariarema.com.br\/loja\/wp-json\/wp\/v2\/media?parent=51390"}],"wp:term":[{"taxonomy":"product_cat","embeddable":true,"href":"https:\/\/www.livrariarema.com.br\/loja\/wp-json\/wp\/v2\/product_cat?post=51390"},{"taxonomy":"product_tag","embeddable":true,"href":"https:\/\/www.livrariarema.com.br\/loja\/wp-json\/wp\/v2\/product_tag?post=51390"}],"curies":[{"name":"wp","href":"https:\/\/api.w.org\/{rel}","templated":true}]}}