{"id":51526,"date":"2021-01-21T16:33:53","date_gmt":"2021-01-21T19:33:53","guid":{"rendered":"https:\/\/www.livrariarema.com.br\/loja\/produtos\/sem%20categoria\/biblia-de-estudo-joyce-meyer-dourada-letra-grande\/"},"modified":"2026-03-12T16:11:18","modified_gmt":"2026-03-12T19:11:18","slug":"biblia-de-estudo-joyce-meyer-dourada-letra-grande","status":"publish","type":"product","link":"https:\/\/www.livrariarema.com.br\/loja\/produtos\/biblias\/estudo-feminina\/biblia-de-estudo-joyce-meyer-dourada-letra-grande\/","title":{"rendered":"Biblia De Estudo Joyce Meyer &#8211; Dourada"},"content":{"rendered":"<p>Joyce Meyer \u00e9 uma das mais reconhecidas e respeitadas mestras da B\u00edblia, por isso, sua percep\u00e7\u00e3o das Escrituras \u00e9 um recurso inestim\u00e1vel para muitos estudiosos da Palavra de Deus.<\/p>\n<p>Agora, a B\u00cdBLIA DE ESTUDOS JOYCE MEYER \u00e9 a ferramenta que voc\u00ea tem em m\u00e3os para compreender e amar a B\u00edblia t\u00e3o profundamente quanto Joyce.<\/p>\n<p>O seu conhecimento da B\u00edblia, fruto de pesquisas profundas, e a sua paix\u00e3o por relacionar a Palavra de Deus diretamente com a vida di\u00e1ria s\u00e3o companheiros inspiradores que Joyce acrescenta \u00e0 leitura da Nova Vers\u00e3o Internacional da B\u00edblia.<\/p>\n","protected":false},"excerpt":{"rendered":"<p>Joyce Meyer \u00e9 uma das mais reconhecidas e respeitadas mestras da B\u00edblia, por isso, sua percep\u00e7\u00e3o das Escrituras \u00e9 um&hellip;<\/p>\n","protected":false},"featured_media":342784,"comment_status":"open","ping_status":"closed","template":"","meta":[],"product_cat":[139,175],"product_tag":[],"_links":{"self":[{"href":"https:\/\/www.livrariarema.com.br\/loja\/wp-json\/wp\/v2\/product\/51526"}],"collection":[{"href":"https:\/\/www.livrariarema.com.br\/loja\/wp-json\/wp\/v2\/product"}],"about":[{"href":"https:\/\/www.livrariarema.com.br\/loja\/wp-json\/wp\/v2\/types\/product"}],"replies":[{"embeddable":true,"href":"https:\/\/www.livrariarema.com.br\/loja\/wp-json\/wp\/v2\/comments?post=51526"}],"wp:featuredmedia":[{"embeddable":true,"href":"https:\/\/www.livrariarema.com.br\/loja\/wp-json\/wp\/v2\/media\/342784"}],"wp:attachment":[{"href":"https:\/\/www.livrariarema.com.br\/loja\/wp-json\/wp\/v2\/media?parent=51526"}],"wp:term":[{"taxonomy":"product_cat","embeddable":true,"href":"https:\/\/www.livrariarema.com.br\/loja\/wp-json\/wp\/v2\/product_cat?post=51526"},{"taxonomy":"product_tag","embeddable":true,"href":"https:\/\/www.livrariarema.com.br\/loja\/wp-json\/wp\/v2\/product_tag?post=51526"}],"curies":[{"name":"wp","href":"https:\/\/api.w.org\/{rel}","templated":true}]}}