{"id":51625,"date":"2021-01-21T16:35:59","date_gmt":"2021-01-21T19:35:59","guid":{"rendered":"https:\/\/www.livrariarema.com.br\/loja\/produtos\/sem%20categoria\/conhecendo-deus-intimamente-joyce-meyer\/"},"modified":"2026-02-11T09:20:58","modified_gmt":"2026-02-11T12:20:58","slug":"conhecendo-deus-intimamente-joyce-meyer","status":"publish","type":"product","link":"https:\/\/www.livrariarema.com.br\/loja\/produtos\/livros\/crescimento-espiritual\/conhecendo-deus-intimamente-joyce-meyer\/","title":{"rendered":"Conhecendo Deus Intimamente &#8211; Joyce Meyer"},"content":{"rendered":"<p>\u00c9 \u00d3BVIO QUE ALGUMAS PESSOAS S\u00c3O MAIS PR\u00d3XIMAS DE DEUS DO QUE OUTRAS. MAS&#8230; POR QUE ISSO ACONTECE?<br \/>\nDeus tem favoritos? <br \/>\n\u00c9 claro que n\u00e3o. <br \/>\nA B\u00edblia ensina que n\u00f3s, e n\u00e3o Deus, determinamos o nosso grau de intimidade com Ele. <br \/>\nA todos n\u00f3s foi feito o convite para nos aproximarmos do trono da gra\u00e7a com confian\u00e7a, para recebermos miseric\u00f3rdia e encontrar gra\u00e7a para nos ajudar nos tempos de necessidade. Neste momento, cada um de n\u00f3s est\u00e1 t\u00e3o perto do trono da gra\u00e7a quanto escolhe estar. Ao analisar em primeiro lugar o tratamento de Deus para com os israelitas a partir de \u00caxodo 19, identificamos quatro n\u00edveis de intimidade que podemos escolher ter com Deus. <br \/>\nMois\u00e9s subiu sozinho ao topo da montanha, mas Deus estabeleceu limites em outros tr\u00eas n\u00edveis aos quais os outros tamb\u00e9m poderiam subir para estar perto dele. Cada limite correspondia diretamente ao n\u00edvel de maturidade deles e ao seu compromisso de buscar a Deus. Em que limite voc\u00ea est\u00e1?<\/p>\n","protected":false},"excerpt":{"rendered":"<p>\u00c9 \u00d3BVIO QUE ALGUMAS PESSOAS S\u00c3O MAIS PR\u00d3XIMAS DE DEUS DO QUE OUTRAS. MAS&#8230; POR QUE ISSO ACONTECE? Deus tem&hellip;<\/p>\n","protected":false},"featured_media":332970,"comment_status":"open","ping_status":"closed","template":"","meta":[],"product_cat":[147,134],"product_tag":[],"_links":{"self":[{"href":"https:\/\/www.livrariarema.com.br\/loja\/wp-json\/wp\/v2\/product\/51625"}],"collection":[{"href":"https:\/\/www.livrariarema.com.br\/loja\/wp-json\/wp\/v2\/product"}],"about":[{"href":"https:\/\/www.livrariarema.com.br\/loja\/wp-json\/wp\/v2\/types\/product"}],"replies":[{"embeddable":true,"href":"https:\/\/www.livrariarema.com.br\/loja\/wp-json\/wp\/v2\/comments?post=51625"}],"wp:featuredmedia":[{"embeddable":true,"href":"https:\/\/www.livrariarema.com.br\/loja\/wp-json\/wp\/v2\/media\/332970"}],"wp:attachment":[{"href":"https:\/\/www.livrariarema.com.br\/loja\/wp-json\/wp\/v2\/media?parent=51625"}],"wp:term":[{"taxonomy":"product_cat","embeddable":true,"href":"https:\/\/www.livrariarema.com.br\/loja\/wp-json\/wp\/v2\/product_cat?post=51625"},{"taxonomy":"product_tag","embeddable":true,"href":"https:\/\/www.livrariarema.com.br\/loja\/wp-json\/wp\/v2\/product_tag?post=51625"}],"curies":[{"name":"wp","href":"https:\/\/api.w.org\/{rel}","templated":true}]}}