{"id":51757,"date":"2021-01-21T16:39:09","date_gmt":"2021-01-21T19:39:09","guid":{"rendered":"https:\/\/www.livrariarema.com.br\/loja\/produtos\/sem%20categoria\/havendo-deus-falado-vol-6-stephen-kaung\/"},"modified":"2026-04-13T12:25:53","modified_gmt":"2026-04-13T15:25:53","slug":"havendo-deus-falado-vol-6-stephen-kaung","status":"publish","type":"product","link":"https:\/\/www.livrariarema.com.br\/loja\/produtos\/livros\/estudo-biblico\/havendo-deus-falado-vol-6-stephen-kaung\/","title":{"rendered":"Havendo Deus Falado Vol. 6 &#8211; Stephen Kaung"},"content":{"rendered":"<p>Cristo, o amado Filho de Deus, \u00e9 o tema de tudo o que o Pai tem a dizer no Antigo e no Novo Testamentos. Se n\u00e3o virmos isso, a B\u00edblia ser\u00e1 para n\u00f3s apenas hist\u00f3ria, profecia, doutrina e poesia. Mas se Cristo nos for revelado, ent\u00e3o a Palavra ser\u00e1 descortinada diante de nossos olhos.<\/p>\n<p>Na s\u00e9rie Havendo Deus Falado, Stephen Kaung abre o Antigo Testamento com o objetivo de trazer ao leitor o pensamento central de Deus em cada um de seus 39 livros, de G\u00eanesis a Malaquias. Neste volume, o sexto da s\u00e9rie, o autor compartilha sobre como Deus nos fala nos cinco livros po\u00e9ticos:<\/p>\n<p>&#8211; Isa\u00edas \u00e9 apresentado como o profeta evang\u00e9lico, cujo minist\u00e9rio fala da salva\u00e7\u00e3o pela f\u00e9.<\/p>\n<p>&#8211; Jeremias \u00e9 revelado como o profeta do amor, cujo cora\u00e7\u00e3o foi partido por sua posi\u00e7\u00e3o de arauto do ju\u00edzo de Deus para com Seu povo rebelde.<\/p>\n<p>&#8211; Lamenta\u00e7\u00f5es ensina a disciplina de chorar por nossa condi\u00e7\u00e3o espiritual, pela condi\u00e7\u00e3o espiritual da igreja e pelo sofrimento do mundo.<\/p>\n<p>&#8211; Ezequiel \u00e9 mostrado como o profeta da esperan\u00e7a. Seu aparente fracasso resultou mais tarde no retorno de muitos \u00e0 Jerusal\u00e9m e Jud\u00e1 para reestabelecer o testemunho de Deus.<\/p>\n<p>&#8211; Daniel revela as vis\u00f5es sobre o tempo do fim, mas igualmente mostra o car\u00e1ter do homem de vis\u00e3o que Deus usa em Sua obra.<\/p>\n<p>Possamos ter nossos olhos abertos para, com a perspectiva do Pai, ouvirmos Aquele por meio de quem Deus tem falado hoje. Havendo Deus, outrora, falado, muitas vezes e de muitas maneiras, aos pais, pelos profetas, nestes \u00faltimos dias, nos falou pelo Filho. Hb 1:1,2a.<\/p>\n","protected":false},"excerpt":{"rendered":"<p>Cristo, o amado Filho de Deus, \u00e9 o tema de tudo o que o Pai tem a dizer no Antigo&hellip;<\/p>\n","protected":false},"featured_media":346940,"comment_status":"open","ping_status":"closed","template":"","meta":[],"product_cat":[161,134],"product_tag":[],"_links":{"self":[{"href":"https:\/\/www.livrariarema.com.br\/loja\/wp-json\/wp\/v2\/product\/51757"}],"collection":[{"href":"https:\/\/www.livrariarema.com.br\/loja\/wp-json\/wp\/v2\/product"}],"about":[{"href":"https:\/\/www.livrariarema.com.br\/loja\/wp-json\/wp\/v2\/types\/product"}],"replies":[{"embeddable":true,"href":"https:\/\/www.livrariarema.com.br\/loja\/wp-json\/wp\/v2\/comments?post=51757"}],"wp:featuredmedia":[{"embeddable":true,"href":"https:\/\/www.livrariarema.com.br\/loja\/wp-json\/wp\/v2\/media\/346940"}],"wp:attachment":[{"href":"https:\/\/www.livrariarema.com.br\/loja\/wp-json\/wp\/v2\/media?parent=51757"}],"wp:term":[{"taxonomy":"product_cat","embeddable":true,"href":"https:\/\/www.livrariarema.com.br\/loja\/wp-json\/wp\/v2\/product_cat?post=51757"},{"taxonomy":"product_tag","embeddable":true,"href":"https:\/\/www.livrariarema.com.br\/loja\/wp-json\/wp\/v2\/product_tag?post=51757"}],"curies":[{"name":"wp","href":"https:\/\/api.w.org\/{rel}","templated":true}]}}