{"id":51759,"date":"2021-01-21T16:39:14","date_gmt":"2021-01-21T19:39:14","guid":{"rendered":"https:\/\/www.livrariarema.com.br\/loja\/produtos\/sem%20categoria\/havendo-deus-falado-vol-7-stephen-kaung\/"},"modified":"2026-04-13T12:25:59","modified_gmt":"2026-04-13T15:25:59","slug":"havendo-deus-falado-vol-7-stephen-kaung","status":"publish","type":"product","link":"https:\/\/www.livrariarema.com.br\/loja\/produtos\/livros\/estudo-biblico\/havendo-deus-falado-vol-7-stephen-kaung\/","title":{"rendered":"Havendo Deus Falado Vol. 7 &#8211; Stephen Kaung"},"content":{"rendered":"<p>Cristo, o amado Filho de Deus, \u00e9 o tema de tudo o que o Pai tem a dizer no Antigo e no Novo Testamentos. Se n\u00e3o virmos isso, a B\u00edblia ser\u00e1 para n\u00f3s apenas hist\u00f3ria, profecia, doutrina e poesia. Mas se Cristo nos for revelado, ent\u00e3o a Palavra ser\u00e1 descortinada diante de nossos olhos.<\/p>\n<p>Na s\u00e9rie Havendo Deus Falado, Stephen Kaung abre o Antigo Testamento com o objetivo de trazer ao leitor o pensamento central de Deus em cada um de seus 39 livros, de G\u00eanesis a Malaquias. Neste volume, o s\u00e9timo da s\u00e9rie, o autor compartilha sobre como Deus nos fala nos seis livros dos profetas menores:<\/p>\n<p>&#8211; Os\u00e9ias fala dos caminhos de Deus demonstrados por Seu infinito amor;<\/p>\n<p>&#8211; Joel nos conduz a contemplar a grande miseric\u00f3rdia de Deus, pois Ele est\u00e1 sempre pronto a restaurar os anos que desperdi\u00e7amos;<\/p>\n<p>&#8211; Am\u00f3s fala do rugido do Senhor, que nos adverte e disciplina como filhos, para aproveitamento;<\/p>\n<p>&#8211; Obadias trata da vit\u00f3ria final do reino de Deus e da oposi\u00e7\u00e3o de nossa carne contra ele;<\/p>\n<p>&#8211; Jonas mostra o cora\u00e7\u00e3o misericordioso de Deus para com o mundo \u00e0 beira do ju\u00edzo; e<\/p>\n<p>&#8211; Miqu\u00e9ias nos lembra que neste mundo somos os representantes de um Deus que \u00e9 incompar\u00e1vel em amor e benignidade.<\/p>\n<p>Possamos ter nossos olhos abertos para, com a perspectiva do Pai, ouvirmos Aquele por meio de quem Deus tem falado hoje. Havendo Deus, outrora, falado, muitas vezes e de muitas maneiras, aos pais, pelos profetas, nestes \u00faltimos dias, nos falou pelo Filho. Hb 1:1,2a.<\/p>\n","protected":false},"excerpt":{"rendered":"<p>Cristo, o amado Filho de Deus, \u00e9 o tema de tudo o que o Pai tem a dizer no Antigo&hellip;<\/p>\n","protected":false},"featured_media":346941,"comment_status":"open","ping_status":"closed","template":"","meta":[],"product_cat":[161,134],"product_tag":[],"_links":{"self":[{"href":"https:\/\/www.livrariarema.com.br\/loja\/wp-json\/wp\/v2\/product\/51759"}],"collection":[{"href":"https:\/\/www.livrariarema.com.br\/loja\/wp-json\/wp\/v2\/product"}],"about":[{"href":"https:\/\/www.livrariarema.com.br\/loja\/wp-json\/wp\/v2\/types\/product"}],"replies":[{"embeddable":true,"href":"https:\/\/www.livrariarema.com.br\/loja\/wp-json\/wp\/v2\/comments?post=51759"}],"wp:featuredmedia":[{"embeddable":true,"href":"https:\/\/www.livrariarema.com.br\/loja\/wp-json\/wp\/v2\/media\/346941"}],"wp:attachment":[{"href":"https:\/\/www.livrariarema.com.br\/loja\/wp-json\/wp\/v2\/media?parent=51759"}],"wp:term":[{"taxonomy":"product_cat","embeddable":true,"href":"https:\/\/www.livrariarema.com.br\/loja\/wp-json\/wp\/v2\/product_cat?post=51759"},{"taxonomy":"product_tag","embeddable":true,"href":"https:\/\/www.livrariarema.com.br\/loja\/wp-json\/wp\/v2\/product_tag?post=51759"}],"curies":[{"name":"wp","href":"https:\/\/api.w.org\/{rel}","templated":true}]}}