{"id":51768,"date":"2021-01-21T16:39:29","date_gmt":"2021-01-21T19:39:29","guid":{"rendered":"https:\/\/www.livrariarema.com.br\/loja\/produtos\/sem%20categoria\/canticos-dos-degraus-os-stephen-kaung\/"},"modified":"2025-12-08T13:00:36","modified_gmt":"2025-12-08T16:00:36","slug":"canticos-dos-degraus-os-stephen-kaung","status":"publish","type":"product","link":"https:\/\/www.livrariarema.com.br\/loja\/produtos\/livros\/crescimento-espiritual\/canticos-dos-degraus-os-stephen-kaung\/","title":{"rendered":"C\u00e2nticos Dos Degraus, Os &#8211; Stephen Kaung"},"content":{"rendered":"<p>&#8220;Mas a vereda dos justos \u00e9 como a luz da aurora, que vai brilhando mais e mais at\u00e9 ser dia perfeito.&#8221; Pv 4:18.<\/p>\n<p>O caminho da uni\u00e3o com Cristo possui uma qualidade sublime que, a partir do momento que O vemos, somos atra\u00eddos cada vez mais para Deus, e, apesar das muitas dificuldades, somos impelidos a continuar nossa jornada. Que senso de dire\u00e7\u00e3o, bem-estar espiritu\u00adal, de cumprimento e destino isso pode gerar em todo o crist\u00e3o e, muito especialmente, no jovem em Cristo que apenas come\u00e7ou sua ascens\u00e3o!<\/p>\n<p>Se pud\u00e9ssemos simplesmente compreender esse Cami\u00adnho e submeter-nos a ele com um cora\u00e7\u00e3o alegre, nosso caminhar diante do Senhor &#8211; tanto individual como coletivo &#8211; poderia ser marcado por muito menos perplexidade, desobedi\u00eancia, des\u00e2nimo e incredulidade.<\/p>\n<p>Neste livro, Stephen Kaung nos mostra um sentimento coletivo que flui nos salmos 120 a 134, conhecidos como C\u00e2nticos dos Degraus, na forma de uma preocupa\u00e7\u00e3o de cada salmista n\u00e3o somente por si mesmo, mas tamb\u00e9m por todo Israel. N\u00e3o apenas o crescimento individual do crente est\u00e1 em foco, mas a edifica\u00e7\u00e3o do verdadeiro Israel de Deus &#8211; o Corpo de Cristo.<\/p>\n<p>&#8220;&#8230;esquecendo-me das coisas que para tr\u00e1s ficam e avan\u00e7ando para as que diante de mim est\u00e3o, prossigo para o alvo, para o pr\u00eamio da soberana voca\u00e7\u00e3o de Deus em Cristo Jesus.&#8221; Fp 3:13b, 14.<\/p>\n","protected":false},"excerpt":{"rendered":"<p>&#8220;Mas a vereda dos justos \u00e9 como a luz da aurora, que vai brilhando mais e mais at\u00e9 ser dia&hellip;<\/p>\n","protected":false},"featured_media":329004,"comment_status":"open","ping_status":"closed","template":"","meta":[],"product_cat":[147,134],"product_tag":[],"_links":{"self":[{"href":"https:\/\/www.livrariarema.com.br\/loja\/wp-json\/wp\/v2\/product\/51768"}],"collection":[{"href":"https:\/\/www.livrariarema.com.br\/loja\/wp-json\/wp\/v2\/product"}],"about":[{"href":"https:\/\/www.livrariarema.com.br\/loja\/wp-json\/wp\/v2\/types\/product"}],"replies":[{"embeddable":true,"href":"https:\/\/www.livrariarema.com.br\/loja\/wp-json\/wp\/v2\/comments?post=51768"}],"wp:featuredmedia":[{"embeddable":true,"href":"https:\/\/www.livrariarema.com.br\/loja\/wp-json\/wp\/v2\/media\/329004"}],"wp:attachment":[{"href":"https:\/\/www.livrariarema.com.br\/loja\/wp-json\/wp\/v2\/media?parent=51768"}],"wp:term":[{"taxonomy":"product_cat","embeddable":true,"href":"https:\/\/www.livrariarema.com.br\/loja\/wp-json\/wp\/v2\/product_cat?post=51768"},{"taxonomy":"product_tag","embeddable":true,"href":"https:\/\/www.livrariarema.com.br\/loja\/wp-json\/wp\/v2\/product_tag?post=51768"}],"curies":[{"name":"wp","href":"https:\/\/api.w.org\/{rel}","templated":true}]}}

Cânticos Dos Degraus, Os &#8211; Stephen Kaung

<p>&#8220;Mas a vereda dos justos é como a luz da aurora, que vai brilhando mais e mais até ser dia perfeito.&#8221; Pv 4:18.</p>
<p>O caminho da união com Cristo possui uma qualidade sublime que, a partir do momento que O vemos, somos atraídos cada vez mais para Deus, e, apesar das muitas dificuldades, somos impelidos a continuar nossa jornada. Que senso de direção, bem-estar espiritu­al, de cumprimento e destino isso pode gerar em todo o cristão e, muito especialmente, no jovem em Cristo que apenas começou sua ascensão!</p>
<p>Se pudéssemos simplesmente compreender esse Cami­nho e submeter-nos a ele com um coração alegre, nosso caminhar diante do Senhor &#8211; tanto individual como coletivo &#8211; poderia ser marcado por muito menos perplexidade, desobediência, desânimo e incredulidade.</p>
<p>Neste livro, Stephen Kaung nos mostra um sentimento coletivo que flui nos salmos 120 a 134, conhecidos como Cânticos dos Degraus, na forma de uma preocupação de cada salmista não somente por si mesmo, mas também por todo Israel. Não apenas o crescimento individual do crente está em foco, mas a edificação do verdadeiro Israel de Deus &#8211; o Corpo de Cristo.</p>
<p>&#8220;&#8230;esquecendo-me das coisas que para trás ficam e avançando para as que diante de mim estão, prossigo para o alvo, para o prêmio da soberana vocação de Deus em Cristo Jesus.&#8221; Fp 3:13b, 14.</p>

<p>&#8220;Mas a vereda dos justos é como a luz da aurora, que vai brilhando mais e mais até ser dia&hellip;</p>
