{"id":51841,"date":"2021-01-21T16:42:13","date_gmt":"2021-01-21T19:42:13","guid":{"rendered":"https:\/\/www.livrariarema.com.br\/loja\/produtos\/sem%20categoria\/manga-vol-5-mensageiros\/"},"modified":"2026-02-20T13:22:02","modified_gmt":"2026-02-20T16:22:02","slug":"manga-vol-5-mensageiros","status":"publish","type":"product","link":"https:\/\/www.livrariarema.com.br\/loja\/produtos\/livros\/manga-hq\/manga-vol-5-mensageiros\/","title":{"rendered":"Mang\u00e1 Vol. 5 &#8211; Mensageiros"},"content":{"rendered":"<p>Mang\u00e1 Mensageiros \u00e9 uma releitura b\u00edblica exata dos profetas. Este livro traz as impressionantes hist\u00f3rias dos grandes profetas Elias, Eliseu, Jonas, Am\u00f3s, Oseias, Isa\u00edas e muitos outros que receberam a grande miss\u00e3o de serem os mensageiros de Deus. Mang\u00e1 Mensageiros contempla os livros de 1Reis a Malaquias. Este \u00e9 o quinto livro da s\u00e9rie que j\u00e1 vendeu mais de 200 mil exemplares!<\/p>\n<p>Foram escolhidos para ser luz das na\u00e7\u00f5es&#8230;<br \/>\nMas agora seu reino est\u00e1 em ruinas&#8230;<br \/>\nO Rei do Universo continua a cham\u00e1-los de volta&#8230;<br \/>\nMas mataram suas testemunhas e o rejeitaram.<br \/>\nExiste alguma esperan\u00e7a para o Messias prometido?<\/p>\n","protected":false},"excerpt":{"rendered":"<p>Mang\u00e1 Mensageiros \u00e9 uma releitura b\u00edblica exata dos profetas. Este livro traz as impressionantes hist\u00f3rias dos grandes profetas Elias, Eliseu,&hellip;<\/p>\n","protected":false},"featured_media":345029,"comment_status":"open","ping_status":"closed","template":"","meta":[],"product_cat":[134,189],"product_tag":[],"_links":{"self":[{"href":"https:\/\/www.livrariarema.com.br\/loja\/wp-json\/wp\/v2\/product\/51841"}],"collection":[{"href":"https:\/\/www.livrariarema.com.br\/loja\/wp-json\/wp\/v2\/product"}],"about":[{"href":"https:\/\/www.livrariarema.com.br\/loja\/wp-json\/wp\/v2\/types\/product"}],"replies":[{"embeddable":true,"href":"https:\/\/www.livrariarema.com.br\/loja\/wp-json\/wp\/v2\/comments?post=51841"}],"wp:featuredmedia":[{"embeddable":true,"href":"https:\/\/www.livrariarema.com.br\/loja\/wp-json\/wp\/v2\/media\/345029"}],"wp:attachment":[{"href":"https:\/\/www.livrariarema.com.br\/loja\/wp-json\/wp\/v2\/media?parent=51841"}],"wp:term":[{"taxonomy":"product_cat","embeddable":true,"href":"https:\/\/www.livrariarema.com.br\/loja\/wp-json\/wp\/v2\/product_cat?post=51841"},{"taxonomy":"product_tag","embeddable":true,"href":"https:\/\/www.livrariarema.com.br\/loja\/wp-json\/wp\/v2\/product_tag?post=51841"}],"curies":[{"name":"wp","href":"https:\/\/api.w.org\/{rel}","templated":true}]}}