{"id":52106,"date":"2021-01-21T16:49:59","date_gmt":"2021-01-21T19:49:59","guid":{"rendered":"https:\/\/www.livrariarema.com.br\/loja\/produtos\/sem%20categoria\/conselhos-para-obreiros-charles-h-spurgeon\/"},"modified":"2026-02-20T12:59:44","modified_gmt":"2026-02-20T15:59:44","slug":"conselhos-para-obreiros-charles-h-spurgeon","status":"publish","type":"product","link":"https:\/\/www.livrariarema.com.br\/loja\/produtos\/livros\/lideranca\/conselhos-para-obreiros-charles-h-spurgeon\/","title":{"rendered":"Conselhos Para Obreiros &#8211; Charles H. Spurgeon"},"content":{"rendered":"<p>Essa obra \u00e9 uma colet\u00e2nea de s\u00e1bias e experientes instru\u00e7\u00f5es b\u00edblicas para todo aquele que se engajou no minist\u00e9rio crist\u00e3o, independentemente de sua \u00e1rea de atua\u00e7\u00e3o na igreja, cargo ou grau de experi\u00eancia.<\/p>\n<p>Todos os conselhos de Charles Spurgeon aqui compilados est\u00e3o em plena harmonia com o evangelho, que ele faz quest\u00e3o de definir com clareza b\u00edblica e de situar no centro do minist\u00e9rio crist\u00e3o.<\/p>\n","protected":false},"excerpt":{"rendered":"<p>Essa obra \u00e9 uma colet\u00e2nea de s\u00e1bias e experientes instru\u00e7\u00f5es b\u00edblicas para todo aquele que se engajou no minist\u00e9rio crist\u00e3o,&hellip;<\/p>\n","protected":false},"featured_media":344977,"comment_status":"open","ping_status":"closed","template":"","meta":[],"product_cat":[153,134],"product_tag":[],"_links":{"self":[{"href":"https:\/\/www.livrariarema.com.br\/loja\/wp-json\/wp\/v2\/product\/52106"}],"collection":[{"href":"https:\/\/www.livrariarema.com.br\/loja\/wp-json\/wp\/v2\/product"}],"about":[{"href":"https:\/\/www.livrariarema.com.br\/loja\/wp-json\/wp\/v2\/types\/product"}],"replies":[{"embeddable":true,"href":"https:\/\/www.livrariarema.com.br\/loja\/wp-json\/wp\/v2\/comments?post=52106"}],"wp:featuredmedia":[{"embeddable":true,"href":"https:\/\/www.livrariarema.com.br\/loja\/wp-json\/wp\/v2\/media\/344977"}],"wp:attachment":[{"href":"https:\/\/www.livrariarema.com.br\/loja\/wp-json\/wp\/v2\/media?parent=52106"}],"wp:term":[{"taxonomy":"product_cat","embeddable":true,"href":"https:\/\/www.livrariarema.com.br\/loja\/wp-json\/wp\/v2\/product_cat?post=52106"},{"taxonomy":"product_tag","embeddable":true,"href":"https:\/\/www.livrariarema.com.br\/loja\/wp-json\/wp\/v2\/product_tag?post=52106"}],"curies":[{"name":"wp","href":"https:\/\/api.w.org\/{rel}","templated":true}]}}