{"id":52168,"date":"2021-01-21T16:51:50","date_gmt":"2021-01-21T19:51:50","guid":{"rendered":"https:\/\/www.livrariarema.com.br\/loja\/produtos\/sem%20categoria\/biblia-sagrada-presente-de-batismo\/"},"modified":"2022-03-16T09:37:10","modified_gmt":"2022-03-16T12:37:10","slug":"biblia-sagrada-presente-de-batismo","status":"publish","type":"product","link":"https:\/\/www.livrariarema.com.br\/loja\/produtos\/biblias\/nvi\/biblia-sagrada-presente-de-batismo\/","title":{"rendered":"B\u00edblia Sagrada Presente De Batismo"},"content":{"rendered":"<p>Uma B\u00edblia com acabamento especial para ser presenteada a algu\u00e9m antes ou depois do batismo, um dos eventos mais marcantes na vida de um crist\u00e3o na igreja evang\u00e9lica. Al\u00e9m do texto b\u00edblico NVI, com linguagem contempor\u00e2nea, a B\u00edblia traz tr\u00eas encartes:<\/p>\n<p>1\u00ba: SUA VIDA ANTES DO BATISMO &#8211; descrever a vida do pecador antes do batismo: est\u00e1vamos perdidos em nossos pecados, mas Deus nos chamou em Cristo e salvou-nos nele; agora, pede um compromisso p\u00fablico dessa f\u00e9 e dessa nova vida: o batismo.<\/p>\n<p>2\u00ba: A IMPORT\u00c2NCIA DO BATISMO &#8211; Por que nos batizamos? Porque Jesus ordenou (Mateus 28:19-20). N\u00e3o apenas mandou batizar, mas ele mesmo foi batizado. Todos os que creram em Jesus foram batizados. Somos batizados para obedecer a uma ordenan\u00e7a de Jesus. Citar v\u00e1rios batismo na B\u00edblia: de Jesus, do ap\u00f3stolo Paulo, do eunuco et\u00edope, de muitos homens e mulheres que foram batizados em Pentecostes. Esses casos revelam um aspecto importante do batismo: trata-se de um testemunho p\u00fablico de f\u00e9. Outra coisa ser destacada: o batismo nos convida dois compromissos: uma de f\u00e9 e outro de pr\u00e1tica.<\/p>\n<p>3\u00ba: SUA VIDA DEPOIS DO BATISMO &#8211; Depois do batismo, h\u00e1 uma longa jornada a ser trilhada at\u00e9 a volta de Jesus. O novato na f\u00e9 deu seu primeiro testemunho p\u00fablico de f\u00e9, e agora precisar\u00e1 crescer na gra\u00e7a e no conhecimento do Senhor, viver uma vida de bom testemunho, perseverar na f\u00e9 diante das adversidades e do pecado; dever\u00e1 ter uma vida de ora\u00e7\u00e3o, de leitura da B\u00edblia e de retransmiss\u00e3o de tudo o que aprendeu. Enfim, deve investir em seu crescimento ou progresso espiritual.<\/p>\n","protected":false},"excerpt":{"rendered":"<p>Uma B\u00edblia com acabamento especial para ser presenteada a algu\u00e9m antes ou depois do batismo, um dos eventos mais marcantes&hellip;<\/p>\n","protected":false},"featured_media":148804,"comment_status":"open","ping_status":"closed","template":"","meta":[],"product_cat":[139,166],"product_tag":[],"_links":{"self":[{"href":"https:\/\/www.livrariarema.com.br\/loja\/wp-json\/wp\/v2\/product\/52168"}],"collection":[{"href":"https:\/\/www.livrariarema.com.br\/loja\/wp-json\/wp\/v2\/product"}],"about":[{"href":"https:\/\/www.livrariarema.com.br\/loja\/wp-json\/wp\/v2\/types\/product"}],"replies":[{"embeddable":true,"href":"https:\/\/www.livrariarema.com.br\/loja\/wp-json\/wp\/v2\/comments?post=52168"}],"wp:featuredmedia":[{"embeddable":true,"href":"https:\/\/www.livrariarema.com.br\/loja\/wp-json\/wp\/v2\/media\/148804"}],"wp:attachment":[{"href":"https:\/\/www.livrariarema.com.br\/loja\/wp-json\/wp\/v2\/media?parent=52168"}],"wp:term":[{"taxonomy":"product_cat","embeddable":true,"href":"https:\/\/www.livrariarema.com.br\/loja\/wp-json\/wp\/v2\/product_cat?post=52168"},{"taxonomy":"product_tag","embeddable":true,"href":"https:\/\/www.livrariarema.com.br\/loja\/wp-json\/wp\/v2\/product_tag?post=52168"}],"curies":[{"name":"wp","href":"https:\/\/api.w.org\/{rel}","templated":true}]}}