{"id":52190,"date":"2021-01-21T16:52:37","date_gmt":"2021-01-21T19:52:37","guid":{"rendered":"https:\/\/www.livrariarema.com.br\/loja\/produtos\/sem%20categoria\/cinco-pontos-john-piper\/"},"modified":"2026-03-16T13:35:35","modified_gmt":"2026-03-16T16:35:35","slug":"cinco-pontos-john-piper","status":"publish","type":"product","link":"https:\/\/www.livrariarema.com.br\/loja\/produtos\/livros\/doutrinas-biblicas\/cinco-pontos-john-piper\/","title":{"rendered":"Cinco Pontos &#8211; John Piper"},"content":{"rendered":"<p>Neste livro, John Piper fala sobre um tema fundamental do cristianismo: a gra\u00e7a salvadora de Deus, ao abordar os mist\u00e9rios da obra redentora de Cristo, que comprou, ao pre\u00e7o de seu pr\u00f3prio sangue, o dom da f\u00e9 para os Filhos de Deus. Piper trata ainda dos mist\u00e9rios da alma humana e do Poder do Esp\u00edrito de Deus, que conquista toda a nossa rebeldia, transformando-nos em servos fi\u00e9is.<\/p>\n","protected":false},"excerpt":{"rendered":"<p>Neste livro, John Piper fala sobre um tema fundamental do cristianismo: a gra\u00e7a salvadora de Deus, ao abordar os mist\u00e9rios&hellip;<\/p>\n","protected":false},"featured_media":346338,"comment_status":"open","ping_status":"closed","template":"","meta":[],"product_cat":[145,134],"product_tag":[],"_links":{"self":[{"href":"https:\/\/www.livrariarema.com.br\/loja\/wp-json\/wp\/v2\/product\/52190"}],"collection":[{"href":"https:\/\/www.livrariarema.com.br\/loja\/wp-json\/wp\/v2\/product"}],"about":[{"href":"https:\/\/www.livrariarema.com.br\/loja\/wp-json\/wp\/v2\/types\/product"}],"replies":[{"embeddable":true,"href":"https:\/\/www.livrariarema.com.br\/loja\/wp-json\/wp\/v2\/comments?post=52190"}],"wp:featuredmedia":[{"embeddable":true,"href":"https:\/\/www.livrariarema.com.br\/loja\/wp-json\/wp\/v2\/media\/346338"}],"wp:attachment":[{"href":"https:\/\/www.livrariarema.com.br\/loja\/wp-json\/wp\/v2\/media?parent=52190"}],"wp:term":[{"taxonomy":"product_cat","embeddable":true,"href":"https:\/\/www.livrariarema.com.br\/loja\/wp-json\/wp\/v2\/product_cat?post=52190"},{"taxonomy":"product_tag","embeddable":true,"href":"https:\/\/www.livrariarema.com.br\/loja\/wp-json\/wp\/v2\/product_tag?post=52190"}],"curies":[{"name":"wp","href":"https:\/\/api.w.org\/{rel}","templated":true}]}}