{"id":52228,"date":"2021-01-21T16:53:56","date_gmt":"2021-01-21T19:53:56","guid":{"rendered":"https:\/\/www.livrariarema.com.br\/loja\/produtos\/sem%20categoria\/acesso-negado-john-bevere\/"},"modified":"2025-10-29T14:13:43","modified_gmt":"2025-10-29T17:13:43","slug":"acesso-negado-john-bevere","status":"publish","type":"product","link":"https:\/\/www.livrariarema.com.br\/loja\/produtos\/livros\/vida-crista\/acesso-negado-john-bevere\/","title":{"rendered":"Acesso Negado &#8211; John Bevere"},"content":{"rendered":"<p>Imagine se voc\u00ea pudesse andar livre do pecado e manter Satan\u00e1s de fora de sua vida, de seus relacionamentos pessoais e profissionais? Qual \u00e9 o segredo? Neste best-seller, John Bevere revela que a maior forma de guerra espiritual para qualquer crist\u00e3o \u00e9 a for\u00e7a poderosa de uma vida obediente.<\/p>\n<p>Bevere escreve: &#8220;Este livro \u00e9 um alerta para o crist\u00e3o. Nele h\u00e1 uma exposi\u00e7\u00e3o clara das diversas armas que o inimigo tem \u00e0 sua disposi\u00e7\u00e3o para controlar a vida do crente&#8221;. ACESSO NEGADO tem o poder para libert\u00e1-lo! Ele lhe d\u00e1 esperan\u00e7a para entender como as suas escolhas realmente afetam a sua caminhada espiritual e oferece o conhecimento que voc\u00ea precisa para evitar o engano.<\/p>\n<p>\u00c9 hora de trancar esta porta para o inimigo, permanentemente.<\/p>\n","protected":false},"excerpt":{"rendered":"<p>Imagine se voc\u00ea pudesse andar livre do pecado e manter Satan\u00e1s de fora de sua vida, de seus relacionamentos pessoais&hellip;<\/p>\n","protected":false},"featured_media":340370,"comment_status":"open","ping_status":"closed","template":"","meta":[],"product_cat":[134,137],"product_tag":[],"_links":{"self":[{"href":"https:\/\/www.livrariarema.com.br\/loja\/wp-json\/wp\/v2\/product\/52228"}],"collection":[{"href":"https:\/\/www.livrariarema.com.br\/loja\/wp-json\/wp\/v2\/product"}],"about":[{"href":"https:\/\/www.livrariarema.com.br\/loja\/wp-json\/wp\/v2\/types\/product"}],"replies":[{"embeddable":true,"href":"https:\/\/www.livrariarema.com.br\/loja\/wp-json\/wp\/v2\/comments?post=52228"}],"wp:featuredmedia":[{"embeddable":true,"href":"https:\/\/www.livrariarema.com.br\/loja\/wp-json\/wp\/v2\/media\/340370"}],"wp:attachment":[{"href":"https:\/\/www.livrariarema.com.br\/loja\/wp-json\/wp\/v2\/media?parent=52228"}],"wp:term":[{"taxonomy":"product_cat","embeddable":true,"href":"https:\/\/www.livrariarema.com.br\/loja\/wp-json\/wp\/v2\/product_cat?post=52228"},{"taxonomy":"product_tag","embeddable":true,"href":"https:\/\/www.livrariarema.com.br\/loja\/wp-json\/wp\/v2\/product_tag?post=52228"}],"curies":[{"name":"wp","href":"https:\/\/api.w.org\/{rel}","templated":true}]}}