{"id":52437,"date":"2021-01-21T16:59:46","date_gmt":"2021-01-21T19:59:46","guid":{"rendered":"https:\/\/www.livrariarema.com.br\/loja\/produtos\/sem%20categoria\/comentarios-expositivos-proverbios-hernandes-dias-lopes\/"},"modified":"2026-03-20T13:52:28","modified_gmt":"2026-03-20T16:52:28","slug":"comentarios-expositivos-proverbios-hernandes-dias-lopes","status":"publish","type":"product","link":"https:\/\/www.livrariarema.com.br\/loja\/produtos\/livros\/comentario-biblico\/comentarios-expositivos-proverbios-hernandes-dias-lopes\/","title":{"rendered":"Coment\u00e1rios Expositivos &#8211; Prov\u00e9rbios &#8211; Hernandes Dias Lopes"},"content":{"rendered":"<p>Manual de sabedoria para a vida<\/p>\n<p>O livro de Prov\u00e9rbios \u00e9 um reservat\u00f3rio inesgot\u00e1vel de sabedoria. N\u00e3o a sabedoria dos homens, mas a sabedoria de Deus. Os grandes temas da vida humana s\u00e3o aqui tratados como casamento, fam\u00edlia, fi lhos, amizades, comunica\u00e7\u00e3o, dinheiro, trabalho, prosperidade. O livro alerta para os v\u00e1rios perigos que nos amea\u00e7am, como m\u00e1s companhias, adult\u00e9rio, gan\u00e2ncia, pregui\u00e7a, mentira, injusti\u00e7a. <\/p>\n<p>O livro, tamb\u00e9m, aborda de forma eloquente o relacionamento correto do homem com Deus, com o seu pr\u00f3ximo e consigo mesmo. Estudar Prov\u00e9rbios \u00e9 matricular-se na escola superior do Esp\u00edrito Santo e aprender os eternos princ\u00edpios de Deus para uma vida s\u00e1bia, piedosa e bem- -aventurada. A mensagem deste livro trar\u00e1 luz \u00e0 sua mente e fogo ao seu cora\u00e7\u00e3o.<\/p>\n","protected":false},"excerpt":{"rendered":"<p>Manual de sabedoria para a vida O livro de Prov\u00e9rbios \u00e9 um reservat\u00f3rio inesgot\u00e1vel de sabedoria. N\u00e3o a sabedoria dos&hellip;<\/p>\n","protected":false},"featured_media":346121,"comment_status":"open","ping_status":"closed","template":"","meta":[],"product_cat":[164,134],"product_tag":[],"_links":{"self":[{"href":"https:\/\/www.livrariarema.com.br\/loja\/wp-json\/wp\/v2\/product\/52437"}],"collection":[{"href":"https:\/\/www.livrariarema.com.br\/loja\/wp-json\/wp\/v2\/product"}],"about":[{"href":"https:\/\/www.livrariarema.com.br\/loja\/wp-json\/wp\/v2\/types\/product"}],"replies":[{"embeddable":true,"href":"https:\/\/www.livrariarema.com.br\/loja\/wp-json\/wp\/v2\/comments?post=52437"}],"wp:featuredmedia":[{"embeddable":true,"href":"https:\/\/www.livrariarema.com.br\/loja\/wp-json\/wp\/v2\/media\/346121"}],"wp:attachment":[{"href":"https:\/\/www.livrariarema.com.br\/loja\/wp-json\/wp\/v2\/media?parent=52437"}],"wp:term":[{"taxonomy":"product_cat","embeddable":true,"href":"https:\/\/www.livrariarema.com.br\/loja\/wp-json\/wp\/v2\/product_cat?post=52437"},{"taxonomy":"product_tag","embeddable":true,"href":"https:\/\/www.livrariarema.com.br\/loja\/wp-json\/wp\/v2\/product_tag?post=52437"}],"curies":[{"name":"wp","href":"https:\/\/api.w.org\/{rel}","templated":true}]}}