{"id":52545,"date":"2021-01-21T17:07:09","date_gmt":"2021-01-21T20:07:09","guid":{"rendered":"https:\/\/www.livrariarema.com.br\/loja\/produtos\/sem%20categoria\/licoes-evangelisticas-deus-se-importa-cartazes\/"},"modified":"2025-08-16T12:30:22","modified_gmt":"2025-08-16T15:30:22","slug":"licoes-evangelisticas-deus-se-importa-cartazes","status":"publish","type":"product","link":"https:\/\/www.livrariarema.com.br\/loja\/produtos\/diversos\/flanelografo-e-cartazes\/licoes-evangelisticas-deus-se-importa-cartazes\/","title":{"rendered":"Li\u00e7\u00f5es Evangel\u00edsticas &#8211; Deus Se Importa &#8211; Cartazes"},"content":{"rendered":"<p>Ensinam que Deus se importa quando as crian\u00e7as ficam tristes.<\/p>\n<p>5 Li\u00e7\u00f5es B\u00edblicas Evangel\u00edsticas para crian\u00e7as de 5 a 12 anos, com sugest\u00e3o de aplica\u00e7\u00e3o para crian\u00e7as em idade Pr\u00e9 Escolar:<br \/>\n1) O exclu\u00eddo que foi aceito por Deus &#8211; Jeft\u00e9 (Foco: Crian\u00e7a rejeitada por seus meio-irm\u00e3os)<br \/>\n2) A estrangeira que foi bem recebida &#8211; Rute (Foco: Crian\u00e7a diferente por sua cor, nacionalidade etc.)<br \/>\n3) Limpo em um mundo sujo &#8211; Samuel (Foco: Crian\u00e7a que pode ter vida limpa, apesar da vida imoral de seus amigos mais velhos)<br \/>\n4) Aprendendo a perdoar aos outros &#8211; Pedro (Foco: Crian\u00e7a magoada pelos outros, que pode aprender a perdoar)<br \/>\n5) Desprezado pelos outros, perdoado por Deus &#8211; Mateus (Foco: Crian\u00e7a que precisa aceitar o perd\u00e3o de Deus)<\/p>\n<p>Inclui: Figuras em Cartazes (6 para cada li\u00e7\u00e3o) com os vers\u00edculos visualizados &#8211; Livro Roteiro &#8211; Tabela de Planejamento -Resumo de cada li\u00e7\u00e3o e Esbo\u00e7o &#8211; Ideia de programa de aula para 60 minutos &#8211; Como fazer a memoriza\u00e7\u00e3o de cada vers\u00edculo &#8211; Brincadeiras e perguntas para revis\u00e3o &#8211; Atividade de aprendizagem &#8211; Lembretes dos vers\u00edculos (itens reproduz\u00edveis)<\/p>\n","protected":false},"excerpt":{"rendered":"<p>Ensinam que Deus se importa quando as crian\u00e7as ficam tristes. 5 Li\u00e7\u00f5es B\u00edblicas Evangel\u00edsticas para crian\u00e7as de 5 a 12&hellip;<\/p>\n","protected":false},"featured_media":299191,"comment_status":"open","ping_status":"closed","template":"","meta":[],"product_cat":[132,133],"product_tag":[],"_links":{"self":[{"href":"https:\/\/www.livrariarema.com.br\/loja\/wp-json\/wp\/v2\/product\/52545"}],"collection":[{"href":"https:\/\/www.livrariarema.com.br\/loja\/wp-json\/wp\/v2\/product"}],"about":[{"href":"https:\/\/www.livrariarema.com.br\/loja\/wp-json\/wp\/v2\/types\/product"}],"replies":[{"embeddable":true,"href":"https:\/\/www.livrariarema.com.br\/loja\/wp-json\/wp\/v2\/comments?post=52545"}],"wp:featuredmedia":[{"embeddable":true,"href":"https:\/\/www.livrariarema.com.br\/loja\/wp-json\/wp\/v2\/media\/299191"}],"wp:attachment":[{"href":"https:\/\/www.livrariarema.com.br\/loja\/wp-json\/wp\/v2\/media?parent=52545"}],"wp:term":[{"taxonomy":"product_cat","embeddable":true,"href":"https:\/\/www.livrariarema.com.br\/loja\/wp-json\/wp\/v2\/product_cat?post=52545"},{"taxonomy":"product_tag","embeddable":true,"href":"https:\/\/www.livrariarema.com.br\/loja\/wp-json\/wp\/v2\/product_tag?post=52545"}],"curies":[{"name":"wp","href":"https:\/\/api.w.org\/{rel}","templated":true}]}}