{"id":52547,"date":"2021-01-21T17:07:13","date_gmt":"2021-01-21T20:07:13","guid":{"rendered":"https:\/\/www.livrariarema.com.br\/loja\/produtos\/sem%20categoria\/licoes-especiais-se-jesus-nao-tivesse-vindo-cartazes\/"},"modified":"2025-04-28T17:00:34","modified_gmt":"2025-04-28T20:00:34","slug":"licoes-especiais-se-jesus-nao-tivesse-vindo-cartazes","status":"publish","type":"product","link":"https:\/\/www.livrariarema.com.br\/loja\/produtos\/diversos\/flanelografo-e-cartazes\/licoes-especiais-se-jesus-nao-tivesse-vindo-cartazes\/","title":{"rendered":"Li\u00e7\u00f5es Especiais &#8211; Se Jesus N\u00e3o Tivesse Vindo &#8211; Cartazes"},"content":{"rendered":"<p>Quando chega a \u00e9poca do Natal tudo fica muito bonito. Em muitas cidades h\u00e1 bastante decora\u00e7\u00e3o nas ruas, nas lojas, nos pr\u00e9dios e nas casas. Quantas luzes coloridas. \u00c9 verdade que muitos pensam nos presentes e no papai Noel e se esquecem do verdadeiro significado do Natal.<br \/>\nHist\u00f3ria de Paulinho, um menino crist\u00e3o que acorda no dia de Natal e descobre que n\u00e3o existe Natal. Onde quer que ele v\u00e1 tem uma placa com os dizeres &#8220;Se eu n\u00e3o tivesse vindo&#8221;&#8230;<\/p>\n<p>Objetivo do Ensino<br \/>\nQue a crian\u00e7a n\u00e3o salva compreenda o verdadeiro significado do Natal e receba o presente da salva\u00e7\u00e3o &#8211; Jesus como seu Salvador pessoal.<br \/>\nQue a crian\u00e7a salva saiba como compartilhar o verdadeiro significado do Natal para outras crian\u00e7as.<\/p>\n","protected":false},"excerpt":{"rendered":"<p>Quando chega a \u00e9poca do Natal tudo fica muito bonito. Em muitas cidades h\u00e1 bastante decora\u00e7\u00e3o nas ruas, nas lojas,&hellip;<\/p>\n","protected":false},"featured_media":299192,"comment_status":"open","ping_status":"closed","template":"","meta":[],"product_cat":[132,133],"product_tag":[],"_links":{"self":[{"href":"https:\/\/www.livrariarema.com.br\/loja\/wp-json\/wp\/v2\/product\/52547"}],"collection":[{"href":"https:\/\/www.livrariarema.com.br\/loja\/wp-json\/wp\/v2\/product"}],"about":[{"href":"https:\/\/www.livrariarema.com.br\/loja\/wp-json\/wp\/v2\/types\/product"}],"replies":[{"embeddable":true,"href":"https:\/\/www.livrariarema.com.br\/loja\/wp-json\/wp\/v2\/comments?post=52547"}],"wp:featuredmedia":[{"embeddable":true,"href":"https:\/\/www.livrariarema.com.br\/loja\/wp-json\/wp\/v2\/media\/299192"}],"wp:attachment":[{"href":"https:\/\/www.livrariarema.com.br\/loja\/wp-json\/wp\/v2\/media?parent=52547"}],"wp:term":[{"taxonomy":"product_cat","embeddable":true,"href":"https:\/\/www.livrariarema.com.br\/loja\/wp-json\/wp\/v2\/product_cat?post=52547"},{"taxonomy":"product_tag","embeddable":true,"href":"https:\/\/www.livrariarema.com.br\/loja\/wp-json\/wp\/v2\/product_tag?post=52547"}],"curies":[{"name":"wp","href":"https:\/\/api.w.org\/{rel}","templated":true}]}}