{"id":52664,"date":"2021-01-21T17:10:32","date_gmt":"2021-01-21T20:10:32","guid":{"rendered":"https:\/\/www.livrariarema.com.br\/loja\/produtos\/sem%20categoria\/contracultura-david-platt\/"},"modified":"2026-03-20T10:31:15","modified_gmt":"2026-03-20T13:31:15","slug":"contracultura-david-platt","status":"publish","type":"product","link":"https:\/\/www.livrariarema.com.br\/loja\/produtos\/livros\/atualidades\/contracultura-david-platt\/","title":{"rendered":"Contracultura &#8211; David Platt"},"content":{"rendered":"<p>Para qualquer lado que nos voltemos, linhas de batalha est\u00e3o sendo tra\u00e7adas: casamento tradicional versus casamento gay, grupos pr\u00f3-vida versus grupos pr\u00f3-escolha, liberdade individual versus protecionismo estatal. Parece que a cultura mudou do dia para a noite, a ponto de o certo e o errado n\u00e3o mais serem definidos pela verdade universal, mas pela opini\u00e3o popular. E, \u00e0 propor\u00e7\u00e3o que conversas espinhosas sobre homossexualidade, aborto e liberdade religiosa continuam a despontar no local de trabalho, na igreja, na escola e nos lares, crist\u00e3os de toda parte fazem a mesma pergunta: COMO DEVEMOS RESPONDER A TUDO ISSO?<\/p>\n<p>Em Contracultura, David Platt, um dos autores mais vendidos segundo o New York Times, mostra aos seguidores de Cristo como assumir posi\u00e7\u00e3o ativa em quest\u00f5es t\u00e3o relevantes para os nossos dias. Tamb\u00e9m desafia os crist\u00e3os a se tornarem vozes incans\u00e1veis e apaixonadas em favor da causa de Cristo.<\/p>\n","protected":false},"excerpt":{"rendered":"<p>Para qualquer lado que nos voltemos, linhas de batalha est\u00e3o sendo tra\u00e7adas: casamento tradicional versus casamento gay, grupos pr\u00f3-vida versus&hellip;<\/p>\n","protected":false},"featured_media":344980,"comment_status":"open","ping_status":"closed","template":"","meta":[],"product_cat":[191,134],"product_tag":[],"_links":{"self":[{"href":"https:\/\/www.livrariarema.com.br\/loja\/wp-json\/wp\/v2\/product\/52664"}],"collection":[{"href":"https:\/\/www.livrariarema.com.br\/loja\/wp-json\/wp\/v2\/product"}],"about":[{"href":"https:\/\/www.livrariarema.com.br\/loja\/wp-json\/wp\/v2\/types\/product"}],"replies":[{"embeddable":true,"href":"https:\/\/www.livrariarema.com.br\/loja\/wp-json\/wp\/v2\/comments?post=52664"}],"wp:featuredmedia":[{"embeddable":true,"href":"https:\/\/www.livrariarema.com.br\/loja\/wp-json\/wp\/v2\/media\/344980"}],"wp:attachment":[{"href":"https:\/\/www.livrariarema.com.br\/loja\/wp-json\/wp\/v2\/media?parent=52664"}],"wp:term":[{"taxonomy":"product_cat","embeddable":true,"href":"https:\/\/www.livrariarema.com.br\/loja\/wp-json\/wp\/v2\/product_cat?post=52664"},{"taxonomy":"product_tag","embeddable":true,"href":"https:\/\/www.livrariarema.com.br\/loja\/wp-json\/wp\/v2\/product_tag?post=52664"}],"curies":[{"name":"wp","href":"https:\/\/api.w.org\/{rel}","templated":true}]}}