{"id":52735,"date":"2021-01-21T17:12:42","date_gmt":"2021-01-21T20:12:42","guid":{"rendered":"https:\/\/www.livrariarema.com.br\/loja\/produtos\/sem%20categoria\/arte-moderna-e-a-morte-de-uma-cultura-h-r-rookmaaker\/"},"modified":"2026-01-07T11:31:24","modified_gmt":"2026-01-07T14:31:24","slug":"arte-moderna-e-a-morte-de-uma-cultura-h-r-rookmaaker","status":"publish","type":"product","link":"https:\/\/www.livrariarema.com.br\/loja\/produtos\/promocao\/livros-promocao\/arte-moderna-e-a-morte-de-uma-cultura-h-r-rookmaaker\/","title":{"rendered":"Arte Moderna E A Morte De Uma Cultura &#8211; H. R. Rookmaaker"},"content":{"rendered":"<p>Hans R. Rookmaaker \u00e9, talvez, o principal historiador e cr\u00edtico cultural protestante do s\u00e9culo 20. Em A Arte Moderna e a Morte de uma Cultura, ele apresenta de forma brilhante os movimentos e a turbul\u00eancia cultural dos anos sessenta, bem como o seu impacto hoje, especialmente sobre o mundo das artes.<\/p>\n<p>Para Rookmaaker, o que est\u00e1 em jogo n\u00e3o s\u00e3o apenas os movimentos culturais e as tend\u00eancias, mas tamb\u00e9m as quest\u00f5es espirituais e como relacionar a f\u00e9 crist\u00e3 com os diferentes campos da cultura.<\/p>\n<p>A Arte Moderna e a Morte de Uma Cultura \u00e9 um marco na compreens\u00e3o crist\u00e3 das artes. Uma obra essencial para aqueles que se encantam com a produ\u00e7\u00e3o musical, a arte perform\u00e1tica, as artes visuais ou o cinema contempor\u00e2neo. Importante tanto para o leigo quanto para o profissional e o estudante de artes, ela aponta o abandono de cren\u00e7as fundamentais e suas implica\u00e7\u00f5es para a nossa caminhada crist\u00e3.<\/p>\n","protected":false},"excerpt":{"rendered":"<p>Hans R. Rookmaaker \u00e9, talvez, o principal historiador e cr\u00edtico cultural protestante do s\u00e9culo 20. Em A Arte Moderna e&hellip;<\/p>\n","protected":false},"featured_media":342715,"comment_status":"open","ping_status":"closed","template":"","meta":[],"product_cat":[143,142],"product_tag":[],"_links":{"self":[{"href":"https:\/\/www.livrariarema.com.br\/loja\/wp-json\/wp\/v2\/product\/52735"}],"collection":[{"href":"https:\/\/www.livrariarema.com.br\/loja\/wp-json\/wp\/v2\/product"}],"about":[{"href":"https:\/\/www.livrariarema.com.br\/loja\/wp-json\/wp\/v2\/types\/product"}],"replies":[{"embeddable":true,"href":"https:\/\/www.livrariarema.com.br\/loja\/wp-json\/wp\/v2\/comments?post=52735"}],"wp:featuredmedia":[{"embeddable":true,"href":"https:\/\/www.livrariarema.com.br\/loja\/wp-json\/wp\/v2\/media\/342715"}],"wp:attachment":[{"href":"https:\/\/www.livrariarema.com.br\/loja\/wp-json\/wp\/v2\/media?parent=52735"}],"wp:term":[{"taxonomy":"product_cat","embeddable":true,"href":"https:\/\/www.livrariarema.com.br\/loja\/wp-json\/wp\/v2\/product_cat?post=52735"},{"taxonomy":"product_tag","embeddable":true,"href":"https:\/\/www.livrariarema.com.br\/loja\/wp-json\/wp\/v2\/product_tag?post=52735"}],"curies":[{"name":"wp","href":"https:\/\/api.w.org\/{rel}","templated":true}]}}