{"id":52999,"date":"2021-01-21T17:22:38","date_gmt":"2021-01-21T20:22:38","guid":{"rendered":"https:\/\/www.livrariarema.com.br\/loja\/produtos\/sem%20categoria\/serie-livros-da-biblia-tomando-o-jugo-com-cristo-christian-chen\/"},"modified":"2026-04-30T16:43:24","modified_gmt":"2026-04-30T19:43:24","slug":"serie-livros-da-biblia-tomando-o-jugo-com-cristo-christian-chen","status":"publish","type":"product","link":"https:\/\/www.livrariarema.com.br\/loja\/produtos\/livros\/estudo-biblico\/serie-livros-da-biblia-tomando-o-jugo-com-cristo-christian-chen\/","title":{"rendered":"S\u00e9rie Livros Da B\u00edblia &#8211; Tomando O Jugo Com Cristo &#8211; Christian Chen"},"content":{"rendered":"<p>O livro de Jonas \u00e9 um dos mais singulares e maravilhosos dentre os profetas menores. Apesar de curto, \u00e9 longo o bastante para cobrir muitas verdades b\u00edblicas.<br \/>\nUm historiador da Igreja escreveu: &#8220;Li o livro de Jonas mais de 100 vezes. Entretanto, devo confessar de p\u00fablico que meu cora\u00e7\u00e3o palpita e meus olhos se enchem de l\u00e1grimas toda a vez que o leio, ainda que rapidamente. Dentro todos os livros da B\u00edblia, esse \u00e9, na realidade, o mais profundo, ainda que negligenciado. <br \/>\nAlerto, com um vers\u00edculo das Escrituras, todo aquele que deseja estuda-lo profundamente: `Remova as sand\u00e1lias dos p\u00e9s, porque o lugar em que est\u00e1s \u00e9 terra santa` (\u00cax 3:5)&#8221;.<br \/>\nMas qual \u00e9 a principal li\u00e7\u00e3o do livro t\u00e3o singular? Neste volume, o autor mostra como Jonas teve que passar pelo processo doloroso &#8211; mas eficaz e cheio de gl\u00f3ria &#8211; de morte e ressurei\u00e7\u00e3o; e a divis\u00e3o de alma e esp\u00edrito, pela Palavra de Deus. Sendo t\u00e3o parecidos com o meu profeta, possamos tamb\u00e9m n\u00f3s aprender a li\u00e7\u00e3o que ele aprendeu: tomar o jugo com Cristo. Somente assim seremos transformados \u00e0 imagem dAquele &#8220;que \u00e9 maior do que Jonas&#8221; (Lc 11:32b).<\/p>\n","protected":false},"excerpt":{"rendered":"<p>O livro de Jonas \u00e9 um dos mais singulares e maravilhosos dentre os profetas menores. Apesar de curto, \u00e9 longo&hellip;<\/p>\n","protected":false},"featured_media":329011,"comment_status":"open","ping_status":"closed","template":"","meta":[],"product_cat":[161,134],"product_tag":[],"_links":{"self":[{"href":"https:\/\/www.livrariarema.com.br\/loja\/wp-json\/wp\/v2\/product\/52999"}],"collection":[{"href":"https:\/\/www.livrariarema.com.br\/loja\/wp-json\/wp\/v2\/product"}],"about":[{"href":"https:\/\/www.livrariarema.com.br\/loja\/wp-json\/wp\/v2\/types\/product"}],"replies":[{"embeddable":true,"href":"https:\/\/www.livrariarema.com.br\/loja\/wp-json\/wp\/v2\/comments?post=52999"}],"wp:featuredmedia":[{"embeddable":true,"href":"https:\/\/www.livrariarema.com.br\/loja\/wp-json\/wp\/v2\/media\/329011"}],"wp:attachment":[{"href":"https:\/\/www.livrariarema.com.br\/loja\/wp-json\/wp\/v2\/media?parent=52999"}],"wp:term":[{"taxonomy":"product_cat","embeddable":true,"href":"https:\/\/www.livrariarema.com.br\/loja\/wp-json\/wp\/v2\/product_cat?post=52999"},{"taxonomy":"product_tag","embeddable":true,"href":"https:\/\/www.livrariarema.com.br\/loja\/wp-json\/wp\/v2\/product_tag?post=52999"}],"curies":[{"name":"wp","href":"https:\/\/api.w.org\/{rel}","templated":true}]}}