{"id":53080,"date":"2021-01-21T17:24:40","date_gmt":"2021-01-21T20:24:40","guid":{"rendered":"https:\/\/www.livrariarema.com.br\/loja\/produtos\/sem%20categoria\/caneta-4-cores-cis-0-7mm\/"},"modified":"2026-01-21T14:20:46","modified_gmt":"2026-01-21T17:20:46","slug":"caneta-4-cores-cis-0-7mm","status":"publish","type":"product","link":"https:\/\/www.livrariarema.com.br\/loja\/produtos\/papelaria\/canetas\/caneta-4-cores-cis-0-7mm\/","title":{"rendered":"Caneta &#8211; Cis &#8211; 4 Cores &#8211; 0.7Mm"},"content":{"rendered":"<p>Caneta Esferogr\u00e1fica 4&#215;1 Color Cis:<\/p>\n<p>&#8211; Caneta com 4 cores<br \/>\n&#8211; Ponta retr\u00e1til<br \/>\n&#8211; Ponta 0.7mm<br \/>\n&#8211; Clip pl\u00e1stico<br \/>\n&#8211; Esfera de a\u00e7o inoxid\u00e1vel<\/p>\n<p>Registro Inmetro 002 988\/2016<\/p>\n","protected":false},"excerpt":{"rendered":"<p>Caneta Esferogr\u00e1fica 4&#215;1 Color Cis: &#8211; Caneta com 4 cores &#8211; Ponta retr\u00e1til &#8211; Ponta 0.7mm &#8211; Clip pl\u00e1stico &#8211;&hellip;<\/p>\n","protected":false},"featured_media":337244,"comment_status":"open","ping_status":"closed","template":"","meta":[],"product_cat":[216,215],"product_tag":[],"_links":{"self":[{"href":"https:\/\/www.livrariarema.com.br\/loja\/wp-json\/wp\/v2\/product\/53080"}],"collection":[{"href":"https:\/\/www.livrariarema.com.br\/loja\/wp-json\/wp\/v2\/product"}],"about":[{"href":"https:\/\/www.livrariarema.com.br\/loja\/wp-json\/wp\/v2\/types\/product"}],"replies":[{"embeddable":true,"href":"https:\/\/www.livrariarema.com.br\/loja\/wp-json\/wp\/v2\/comments?post=53080"}],"wp:featuredmedia":[{"embeddable":true,"href":"https:\/\/www.livrariarema.com.br\/loja\/wp-json\/wp\/v2\/media\/337244"}],"wp:attachment":[{"href":"https:\/\/www.livrariarema.com.br\/loja\/wp-json\/wp\/v2\/media?parent=53080"}],"wp:term":[{"taxonomy":"product_cat","embeddable":true,"href":"https:\/\/www.livrariarema.com.br\/loja\/wp-json\/wp\/v2\/product_cat?post=53080"},{"taxonomy":"product_tag","embeddable":true,"href":"https:\/\/www.livrariarema.com.br\/loja\/wp-json\/wp\/v2\/product_tag?post=53080"}],"curies":[{"name":"wp","href":"https:\/\/api.w.org\/{rel}","templated":true}]}}