{"id":53170,"date":"2021-01-21T17:27:23","date_gmt":"2021-01-21T20:27:23","guid":{"rendered":"https:\/\/www.livrariarema.com.br\/loja\/produtos\/sem%20categoria\/mulher-sabia-edifica-o-lar-a-devi-titus\/"},"modified":"2026-04-25T13:00:31","modified_gmt":"2026-04-25T16:00:31","slug":"mulher-sabia-edifica-o-lar-a-devi-titus","status":"publish","type":"product","link":"https:\/\/www.livrariarema.com.br\/loja\/produtos\/livros\/mulher\/mulher-sabia-edifica-o-lar-a-devi-titus\/","title":{"rendered":"Mulher S\u00e1bia Edifica O Lar, A &#8211; Devi Titus"},"content":{"rendered":"<p>Neste livro, apresento princ\u00edpios b\u00edblicos que aprendi em minha caminhada com o Senhor e que me ensinaram a ser uma mulher que usa a sabedoria para edificar o lar. Nas pr\u00f3ximas p\u00e1ginas, voc\u00ea aprender\u00e1 meios de desenvolver essa capacidade a partir dos ensinamentos b\u00edblicos. &#8211; Devi Titus<\/p>\n<p>Press\u00f5es de toda ordem t\u00eam desafiado a mulher crist\u00e3 a exercer sua influ\u00eancia no lar. Conceitos e preceitos b\u00edblicos importantes t\u00eam sido relegados a um plano secund\u00e1rio, o que oferece riscos graves \u00e0 educa\u00e7\u00e3o dos filhos e ao relacionamento entre marido e mulher.<\/p>\n<p>Palestrante consagrada internacionalmente, m\u00e3e e av\u00f3 bem-sucedida, Devi Titus vive o que comunica e, por isso, tem conseguido exercer seu papel influenciador junto a mulheres de todo o mundo.<\/p>\n<p>Nosso casamento e nossa fam\u00edlia s\u00e3o a prova de que os princ\u00edpios que Devi compartilha neste livro s\u00e3o poderosos e eficazes. &#8211; Larry Titus, esposo<\/p>\n","protected":false},"excerpt":{"rendered":"<p>Neste livro, apresento princ\u00edpios b\u00edblicos que aprendi em minha caminhada com o Senhor e que me ensinaram a ser uma&hellip;<\/p>\n","protected":false},"featured_media":339544,"comment_status":"open","ping_status":"closed","template":"","meta":[],"product_cat":[134,170],"product_tag":[],"_links":{"self":[{"href":"https:\/\/www.livrariarema.com.br\/loja\/wp-json\/wp\/v2\/product\/53170"}],"collection":[{"href":"https:\/\/www.livrariarema.com.br\/loja\/wp-json\/wp\/v2\/product"}],"about":[{"href":"https:\/\/www.livrariarema.com.br\/loja\/wp-json\/wp\/v2\/types\/product"}],"replies":[{"embeddable":true,"href":"https:\/\/www.livrariarema.com.br\/loja\/wp-json\/wp\/v2\/comments?post=53170"}],"wp:featuredmedia":[{"embeddable":true,"href":"https:\/\/www.livrariarema.com.br\/loja\/wp-json\/wp\/v2\/media\/339544"}],"wp:attachment":[{"href":"https:\/\/www.livrariarema.com.br\/loja\/wp-json\/wp\/v2\/media?parent=53170"}],"wp:term":[{"taxonomy":"product_cat","embeddable":true,"href":"https:\/\/www.livrariarema.com.br\/loja\/wp-json\/wp\/v2\/product_cat?post=53170"},{"taxonomy":"product_tag","embeddable":true,"href":"https:\/\/www.livrariarema.com.br\/loja\/wp-json\/wp\/v2\/product_tag?post=53170"}],"curies":[{"name":"wp","href":"https:\/\/api.w.org\/{rel}","templated":true}]}}