{"id":53213,"date":"2021-01-21T17:28:50","date_gmt":"2021-01-21T20:28:50","guid":{"rendered":"https:\/\/www.livrariarema.com.br\/loja\/produtos\/sem%20categoria\/comentarios-expositivos-hebreus-hernandes-dias-lopes\/"},"modified":"2026-04-11T10:00:44","modified_gmt":"2026-04-11T13:00:44","slug":"comentarios-expositivos-hebreus-hernandes-dias-lopes","status":"publish","type":"product","link":"https:\/\/www.livrariarema.com.br\/loja\/produtos\/livros\/comentario-biblico\/comentarios-expositivos-hebreus-hernandes-dias-lopes\/","title":{"rendered":"Coment\u00e1rios Expositivos &#8211; Hebreus &#8211; Hernandes Dias Lopes"},"content":{"rendered":"<p>A cole\u00e7\u00e3o Coment\u00e1rios Expositivos Hagnos passa a contar com mais um t\u00edtulo, Hebreus, livro de suma import\u00e2ncia para quem busca entender o Antigo Testamento. Isso porque ele \u00e9 o mais importante e mais estrat\u00e9gico da B\u00edblia, quando se trata de compreender a unidade das Escrituras. Estudar Hebreus \u00e9 fazer a mais extraordin\u00e1ria viagem rumo ao passado e subir no pico dos montes mais elevados para contemplar o futuro.<\/p>\n","protected":false},"excerpt":{"rendered":"<p>A cole\u00e7\u00e3o Coment\u00e1rios Expositivos Hagnos passa a contar com mais um t\u00edtulo, Hebreus, livro de suma import\u00e2ncia para quem busca&hellip;<\/p>\n","protected":false},"featured_media":346123,"comment_status":"open","ping_status":"closed","template":"","meta":[],"product_cat":[164,134],"product_tag":[],"_links":{"self":[{"href":"https:\/\/www.livrariarema.com.br\/loja\/wp-json\/wp\/v2\/product\/53213"}],"collection":[{"href":"https:\/\/www.livrariarema.com.br\/loja\/wp-json\/wp\/v2\/product"}],"about":[{"href":"https:\/\/www.livrariarema.com.br\/loja\/wp-json\/wp\/v2\/types\/product"}],"replies":[{"embeddable":true,"href":"https:\/\/www.livrariarema.com.br\/loja\/wp-json\/wp\/v2\/comments?post=53213"}],"wp:featuredmedia":[{"embeddable":true,"href":"https:\/\/www.livrariarema.com.br\/loja\/wp-json\/wp\/v2\/media\/346123"}],"wp:attachment":[{"href":"https:\/\/www.livrariarema.com.br\/loja\/wp-json\/wp\/v2\/media?parent=53213"}],"wp:term":[{"taxonomy":"product_cat","embeddable":true,"href":"https:\/\/www.livrariarema.com.br\/loja\/wp-json\/wp\/v2\/product_cat?post=53213"},{"taxonomy":"product_tag","embeddable":true,"href":"https:\/\/www.livrariarema.com.br\/loja\/wp-json\/wp\/v2\/product_tag?post=53213"}],"curies":[{"name":"wp","href":"https:\/\/api.w.org\/{rel}","templated":true}]}}