{"id":53410,"date":"2021-01-21T17:34:50","date_gmt":"2021-01-21T20:34:50","guid":{"rendered":"https:\/\/www.livrariarema.com.br\/loja\/produtos\/sem%20categoria\/quatro-amores-os-c-s-lewis\/"},"modified":"2026-01-28T14:55:02","modified_gmt":"2026-01-28T17:55:02","slug":"quatro-amores-os-c-s-lewis","status":"publish","type":"product","link":"https:\/\/www.livrariarema.com.br\/loja\/produtos\/livros\/vida-crista\/quatro-amores-os-c-s-lewis\/","title":{"rendered":"Quatro Amores, Os &#8211; C. S. Lewis"},"content":{"rendered":"<p>Como expressar de maneira profunda um sentimento comumente tratado de forma t\u00e3o rasa? Para o c\u00e9lebre escritor C.S. Lewis, o amor pode ser comunicado de quatro maneiras: Afei\u00e7\u00e3o, a forma mais b\u00e1sica de amar; Amizade, considerada a mais rara; Eros, o amor apaixonado; e Caridade, o maior e menos ego\u00edsta deles.<\/p>\n<p>Em Os quatro amores, um de seus livros mais influentes, agora enriquecido por nova tradu\u00e7\u00e3o, Lewis contempla a ess\u00eancia do amor e avalia como cada tipo se ajusta aos demais. Com a maestria que o tornou um dos autores mais importantes do s\u00e9culo XX, ele desafia e incorpora defini\u00e7\u00f5es cl\u00e1ssicas do amor de uma forma que continua atual e relevante. Como lembra o autor, foi por amor que Deus fez existir criaturas inteiramente sup\u00e9rfluas, somente a fim de poder am\u00e1-las e aperfei\u00e7o\u00e1-las.<\/p>\n","protected":false},"excerpt":{"rendered":"<p>Como expressar de maneira profunda um sentimento comumente tratado de forma t\u00e3o rasa? Para o c\u00e9lebre escritor C.S. Lewis, o&hellip;<\/p>\n","protected":false},"featured_media":343345,"comment_status":"open","ping_status":"closed","template":"","meta":[],"product_cat":[134,137],"product_tag":[],"_links":{"self":[{"href":"https:\/\/www.livrariarema.com.br\/loja\/wp-json\/wp\/v2\/product\/53410"}],"collection":[{"href":"https:\/\/www.livrariarema.com.br\/loja\/wp-json\/wp\/v2\/product"}],"about":[{"href":"https:\/\/www.livrariarema.com.br\/loja\/wp-json\/wp\/v2\/types\/product"}],"replies":[{"embeddable":true,"href":"https:\/\/www.livrariarema.com.br\/loja\/wp-json\/wp\/v2\/comments?post=53410"}],"wp:featuredmedia":[{"embeddable":true,"href":"https:\/\/www.livrariarema.com.br\/loja\/wp-json\/wp\/v2\/media\/343345"}],"wp:attachment":[{"href":"https:\/\/www.livrariarema.com.br\/loja\/wp-json\/wp\/v2\/media?parent=53410"}],"wp:term":[{"taxonomy":"product_cat","embeddable":true,"href":"https:\/\/www.livrariarema.com.br\/loja\/wp-json\/wp\/v2\/product_cat?post=53410"},{"taxonomy":"product_tag","embeddable":true,"href":"https:\/\/www.livrariarema.com.br\/loja\/wp-json\/wp\/v2\/product_tag?post=53410"}],"curies":[{"name":"wp","href":"https:\/\/api.w.org\/{rel}","templated":true}]}}