{"id":53660,"date":"2021-01-21T17:40:55","date_gmt":"2021-01-21T20:40:55","guid":{"rendered":"https:\/\/www.livrariarema.com.br\/loja\/produtos\/sem%20categoria\/ea983hpi3-antigo-testamento-interlinear-hebraico-portugues-vol-3\/"},"modified":"2025-09-17T13:57:32","modified_gmt":"2025-09-17T16:57:32","slug":"ea983hpi3-antigo-testamento-interlinear-hebraico-portugues-vol-3","status":"publish","type":"product","link":"https:\/\/www.livrariarema.com.br\/loja\/produtos\/biblias\/outros-idiomas\/ea983hpi3-antigo-testamento-interlinear-hebraico-portugues-vol-3\/","title":{"rendered":"Ea983hpi3 &#8211; Antigo Testamento Interlinear Hebraico-Portugues &#8211; Vol. 3"},"content":{"rendered":"<p>Esta publica\u00e7\u00e3o \u00e9 o terceiro volume de uma edi\u00e7\u00e3o interlinear &#8206;do Antigo Testamento que apresenta uma tradu\u00e7\u00e3o literal do texto original &#8206;para o portugu\u00eas. O Antigo Testamento Interlinear (ATI) procura traduzir, &#8206;literalmente, cada palavra e cada express\u00e3o do texto hebraico para o &#8206;portugu\u00eas, seguindo seu sentido original. &#8206; O texto base do ATI \u00e9 a Biblia Hebraica Stuttgartensia (BHS). Al\u00e9m &#8206;de uma tradu\u00e7\u00e3o literal, o ATI apresenta outras duas tradu\u00e7\u00f5es em portugu\u00eas: &#8206;uma vers\u00e3o de equival\u00eancia formal (Almeida Revista e Atualizada, RA), e uma &#8206;vers\u00e3o funcional (Nova Tradu\u00e7\u00e3o na Linguagem de Hoje, NTLH).&#8206;<\/p>\n<p>RECURSOS ADICIONAIS:<Br><br \/>\nVolume 3: Profetas Posteriores (Isa\u00edas, Jeremias, Ezequiel e os Doze Profetas Menores)<Br><br \/>\n&#8211; Textos b\u00edblicos em portugu\u00eas: Tradu\u00e7\u00e3o de Jo\u00e3o Ferreira de Almeida Revista e Atualizada; Nova Tradu\u00e7\u00e3o na Linguagem de Hoje<Br><br \/>\n&#8211; Texto hebraico: Biblia Hebraica Stuttgartensia<Br><br \/>\n&#8211; Tradu\u00e7\u00e3o literal do hebraico, por Edson de Faria Francisco<Br><br \/>\n&#8211; A l\u00edngua hebraica do Antigo Testamento<Br><br \/>\n&#8211; Dificuldades textuais<Br><\/p>\n","protected":false},"excerpt":{"rendered":"<p>Esta publica\u00e7\u00e3o \u00e9 o terceiro volume de uma edi\u00e7\u00e3o interlinear &#8206;do Antigo Testamento que apresenta uma tradu\u00e7\u00e3o literal do texto&hellip;<\/p>\n","protected":false},"featured_media":337214,"comment_status":"open","ping_status":"closed","template":"","meta":[],"product_cat":[139,141],"product_tag":[],"_links":{"self":[{"href":"https:\/\/www.livrariarema.com.br\/loja\/wp-json\/wp\/v2\/product\/53660"}],"collection":[{"href":"https:\/\/www.livrariarema.com.br\/loja\/wp-json\/wp\/v2\/product"}],"about":[{"href":"https:\/\/www.livrariarema.com.br\/loja\/wp-json\/wp\/v2\/types\/product"}],"replies":[{"embeddable":true,"href":"https:\/\/www.livrariarema.com.br\/loja\/wp-json\/wp\/v2\/comments?post=53660"}],"wp:featuredmedia":[{"embeddable":true,"href":"https:\/\/www.livrariarema.com.br\/loja\/wp-json\/wp\/v2\/media\/337214"}],"wp:attachment":[{"href":"https:\/\/www.livrariarema.com.br\/loja\/wp-json\/wp\/v2\/media?parent=53660"}],"wp:term":[{"taxonomy":"product_cat","embeddable":true,"href":"https:\/\/www.livrariarema.com.br\/loja\/wp-json\/wp\/v2\/product_cat?post=53660"},{"taxonomy":"product_tag","embeddable":true,"href":"https:\/\/www.livrariarema.com.br\/loja\/wp-json\/wp\/v2\/product_tag?post=53660"}],"curies":[{"name":"wp","href":"https:\/\/api.w.org\/{rel}","templated":true}]}}