{"id":54198,"date":"2021-01-22T08:53:46","date_gmt":"2021-01-22T11:53:46","guid":{"rendered":"https:\/\/www.livrariarema.com.br\/loja\/produtos\/sem%20categoria\/serie-herois-cristaos-ontem-e-hoje-george-muller-janet-benge-e-geoff-benge\/"},"modified":"2026-02-20T13:28:29","modified_gmt":"2026-02-20T16:28:29","slug":"serie-herois-cristaos-ontem-e-hoje-george-muller-janet-benge-e-geoff-benge","status":"publish","type":"product","link":"https:\/\/www.livrariarema.com.br\/loja\/produtos\/livros\/biografia\/serie-herois-cristaos-ontem-e-hoje-george-muller-janet-benge-e-geoff-benge\/","title":{"rendered":"S\u00e9rie Her\u00f3is Crist\u00e3os Ontem E Hoje &#8211; Vol. 01 &#8211; George M\u00fcller &#8211; Janet Benge E Geoff Benge"},"content":{"rendered":"<p>&#8220;George M\u00fcller olhou para a garotinha pobre. Ela n\u00e3o tinha mais do que cinco anos de idade e carregava seu irm\u00e3ozinho nas costas. Sua m\u00e3e havia morrido com a epidemia de c\u00f3lera que devastou a Inglaterra. Seu pai nunca havia retornado das minas. Parada na rua lamacenta, essa garotinha deu um retrato aos in\u00fameros \u00f3rf\u00e3os de Bristol.&#8221; <\/p>\n<p>Com muito pouca comida ou dinheiro para sua pr\u00f3pria fam\u00edlia, George M\u00fcller abriu seu cora\u00e7\u00e3o e seu lar. Sustentado pela provis\u00e3o de Deus, a casa M\u00fcller, chamada de &#8220;Breakfast Club&#8221;, passou, de trinta \u00f3rf\u00e3os, para cinco casas maiores que, por fim, mais de dez mil crian\u00e7as chamariam de lar. George M\u00fcller confiou em Deus com uma profundidade raramente vista. Sua f\u00e9 e generosidade estabeleceram um padr\u00e3o para crist\u00e3os de todas as gera\u00e7\u00f5es.<\/p>\n","protected":false},"excerpt":{"rendered":"<p>&#8220;George M\u00fcller olhou para a garotinha pobre. Ela n\u00e3o tinha mais do que cinco anos de idade e carregava seu&hellip;<\/p>\n","protected":false},"featured_media":345056,"comment_status":"open","ping_status":"closed","template":"","meta":[],"product_cat":[181,134],"product_tag":[],"_links":{"self":[{"href":"https:\/\/www.livrariarema.com.br\/loja\/wp-json\/wp\/v2\/product\/54198"}],"collection":[{"href":"https:\/\/www.livrariarema.com.br\/loja\/wp-json\/wp\/v2\/product"}],"about":[{"href":"https:\/\/www.livrariarema.com.br\/loja\/wp-json\/wp\/v2\/types\/product"}],"replies":[{"embeddable":true,"href":"https:\/\/www.livrariarema.com.br\/loja\/wp-json\/wp\/v2\/comments?post=54198"}],"wp:featuredmedia":[{"embeddable":true,"href":"https:\/\/www.livrariarema.com.br\/loja\/wp-json\/wp\/v2\/media\/345056"}],"wp:attachment":[{"href":"https:\/\/www.livrariarema.com.br\/loja\/wp-json\/wp\/v2\/media?parent=54198"}],"wp:term":[{"taxonomy":"product_cat","embeddable":true,"href":"https:\/\/www.livrariarema.com.br\/loja\/wp-json\/wp\/v2\/product_cat?post=54198"},{"taxonomy":"product_tag","embeddable":true,"href":"https:\/\/www.livrariarema.com.br\/loja\/wp-json\/wp\/v2\/product_tag?post=54198"}],"curies":[{"name":"wp","href":"https:\/\/api.w.org\/{rel}","templated":true}]}}