{"id":54383,"date":"2021-01-22T08:59:42","date_gmt":"2021-01-22T11:59:42","guid":{"rendered":"https:\/\/www.livrariarema.com.br\/loja\/produtos\/sem%20categoria\/invencivel-lisa-bevere\/"},"modified":"2025-06-09T13:47:48","modified_gmt":"2025-06-09T16:47:48","slug":"invencivel-lisa-bevere","status":"publish","type":"product","link":"https:\/\/www.livrariarema.com.br\/loja\/produtos\/livros\/mulher\/invencivel-lisa-bevere\/","title":{"rendered":"Invenc\u00edvel &#8211; Lisa Bevere"},"content":{"rendered":"<p>O QUE \u00c9 A VERDADE?<\/p>\n<p>Essa se tornou a pergunta-chave que define o nosso tempo. E embora todos tenham uma opini\u00e3o, parece que a verdade est\u00e1 se tornando mais dif\u00edcil de encontrar. Talvez porque estamos em busca de algo quando dever\u00edamos estar em busca de algu\u00e9m.<\/p>\n<p>A VERDADE TEM UM NOME<\/p>\n<p>Mais que o tempo e mais presente que neste momento, a verdade n\u00e3o \u00e9 um rio que muda com as correntes culturais, mas uma rocha &#8211; irremov\u00edvel, invenc\u00edvel, inabal\u00e1vel &#8211; e a pedra angular de tudo o que somos e que jamais sonhamos ser.<\/p>\n<p>Teologicamente profundo, por\u00e9m intimamente acess\u00edvel, invenc\u00edvel ser\u00e1 uma \u00e2ncora para a sua alma que o ajudar\u00e1 a vencer um mar tempestuoso de opini\u00f5es, oferecendo um senso claro de dire\u00e7\u00e3o em um mundo que perdeu o rumo.<\/p>\n","protected":false},"excerpt":{"rendered":"<p>O QUE \u00c9 A VERDADE? Essa se tornou a pergunta-chave que define o nosso tempo. E embora todos tenham uma&hellip;<\/p>\n","protected":false},"featured_media":303616,"comment_status":"open","ping_status":"closed","template":"","meta":[],"product_cat":[134,170],"product_tag":[],"_links":{"self":[{"href":"https:\/\/www.livrariarema.com.br\/loja\/wp-json\/wp\/v2\/product\/54383"}],"collection":[{"href":"https:\/\/www.livrariarema.com.br\/loja\/wp-json\/wp\/v2\/product"}],"about":[{"href":"https:\/\/www.livrariarema.com.br\/loja\/wp-json\/wp\/v2\/types\/product"}],"replies":[{"embeddable":true,"href":"https:\/\/www.livrariarema.com.br\/loja\/wp-json\/wp\/v2\/comments?post=54383"}],"wp:featuredmedia":[{"embeddable":true,"href":"https:\/\/www.livrariarema.com.br\/loja\/wp-json\/wp\/v2\/media\/303616"}],"wp:attachment":[{"href":"https:\/\/www.livrariarema.com.br\/loja\/wp-json\/wp\/v2\/media?parent=54383"}],"wp:term":[{"taxonomy":"product_cat","embeddable":true,"href":"https:\/\/www.livrariarema.com.br\/loja\/wp-json\/wp\/v2\/product_cat?post=54383"},{"taxonomy":"product_tag","embeddable":true,"href":"https:\/\/www.livrariarema.com.br\/loja\/wp-json\/wp\/v2\/product_tag?post=54383"}],"curies":[{"name":"wp","href":"https:\/\/api.w.org\/{rel}","templated":true}]}}