{"id":54621,"date":"2021-01-22T09:12:15","date_gmt":"2021-01-22T12:12:15","guid":{"rendered":"https:\/\/www.livrariarema.com.br\/loja\/produtos\/sem%20categoria\/licoes-missionarias-coshiri-da-tribo-campa-cartazes\/"},"modified":"2025-04-03T09:40:31","modified_gmt":"2025-04-03T12:40:31","slug":"licoes-missionarias-coshiri-da-tribo-campa-cartazes","status":"publish","type":"product","link":"https:\/\/www.livrariarema.com.br\/loja\/produtos\/diversos\/flanelografo-e-cartazes\/licoes-missionarias-coshiri-da-tribo-campa-cartazes\/","title":{"rendered":"Li\u00e7\u00f5es Mission\u00e1rias &#8211; Coshiri Da Tribo Campa &#8211; Cartazes"},"content":{"rendered":"<p>Coshiri pertencia a um povo que tinha medo dos maus esp\u00edritos e da morte. Quando sua irm\u00e3zinha adoeceu, a fam\u00edlia foi em busca da ajuda dos mission\u00e1rios, mas tamb\u00e9m do feiticeiro do seu povo. <br \/>\nA li\u00e7\u00e3o vai mostrar que Deus ama a todos. Jesus pode tirar o medo da morte. Ele n\u00e3o quer que ningu\u00e9m morra sem ter seus pecados perdoados. Voc\u00ea pode orar pelos povos n\u00e3o evangelizados ou tamb\u00e9m tornar-se um mission\u00e1rio.<\/p>\n<p>Inclui: Figuras em cartazes (12 p\u00e1ginas) &#8211; Livro Roteiro &#8211; Partituras<\/p>\n","protected":false},"excerpt":{"rendered":"<p>Coshiri pertencia a um povo que tinha medo dos maus esp\u00edritos e da morte. Quando sua irm\u00e3zinha adoeceu, a fam\u00edlia&hellip;<\/p>\n","protected":false},"featured_media":168510,"comment_status":"open","ping_status":"closed","template":"","meta":[],"product_cat":[132,133],"product_tag":[],"_links":{"self":[{"href":"https:\/\/www.livrariarema.com.br\/loja\/wp-json\/wp\/v2\/product\/54621"}],"collection":[{"href":"https:\/\/www.livrariarema.com.br\/loja\/wp-json\/wp\/v2\/product"}],"about":[{"href":"https:\/\/www.livrariarema.com.br\/loja\/wp-json\/wp\/v2\/types\/product"}],"replies":[{"embeddable":true,"href":"https:\/\/www.livrariarema.com.br\/loja\/wp-json\/wp\/v2\/comments?post=54621"}],"wp:featuredmedia":[{"embeddable":true,"href":"https:\/\/www.livrariarema.com.br\/loja\/wp-json\/wp\/v2\/media\/168510"}],"wp:attachment":[{"href":"https:\/\/www.livrariarema.com.br\/loja\/wp-json\/wp\/v2\/media?parent=54621"}],"wp:term":[{"taxonomy":"product_cat","embeddable":true,"href":"https:\/\/www.livrariarema.com.br\/loja\/wp-json\/wp\/v2\/product_cat?post=54621"},{"taxonomy":"product_tag","embeddable":true,"href":"https:\/\/www.livrariarema.com.br\/loja\/wp-json\/wp\/v2\/product_tag?post=54621"}],"curies":[{"name":"wp","href":"https:\/\/api.w.org\/{rel}","templated":true}]}}