{"id":54625,"date":"2021-01-22T09:12:22","date_gmt":"2021-01-22T12:12:22","guid":{"rendered":"https:\/\/www.livrariarema.com.br\/loja\/produtos\/sem%20categoria\/licoes-evangelisticas-honrando-a-deus-cartazes\/"},"modified":"2022-07-04T17:02:51","modified_gmt":"2022-07-04T20:02:51","slug":"licoes-evangelisticas-honrando-a-deus-cartazes","status":"publish","type":"product","link":"https:\/\/www.livrariarema.com.br\/loja\/produtos\/diversos\/flanelografo-e-cartazes\/licoes-evangelisticas-honrando-a-deus-cartazes\/","title":{"rendered":"Li\u00e7\u00f5es Evangel\u00edsticas &#8211; Honrando A Deus &#8211; Cartazes"},"content":{"rendered":"<p>S\u00e3o 5 li\u00e7\u00f5es para ensinar \u00e0s crian\u00e7as sobre as coroas que a B\u00edblia fala. Objetivos:<br \/>\nPara a crian\u00e7a n\u00e3o salva: Enfatizar que o presente da salva\u00e7\u00e3o que Deus nos d\u00e1 \u00e9 gratuito<br \/>\nPara a crian\u00e7a salva: Ensinar que, depois de crer em Jesus, entramos na corrida da vida, e Deus tem pr\u00eamios para os vencedores.<\/p>\n<p>1\u00aa Li\u00e7\u00e3o: A Coroa Incorrupt\u00edvel<br \/>\nA vida de Cristo. Deus quer ajud\u00e1-lo a praticar o dom\u00ednio pr\u00f3prio, fazendo o que \u00e9 certo<br \/>\n2\u00aa Li\u00e7\u00e3o: A Coroa da Alegria <br \/>\nPedro e Jo\u00e3o encontram-se com o homem coxo. Seja uma testemunha de Jesus, com a ajuda do Esp\u00edrito Santo e sem medo.<br \/>\n3\u00aa Li\u00e7\u00e3o: A Coroa da Vida<br \/>\nOs ap\u00f3stolos com Gamaliel diante do Sin\u00e9drio. Deus quer que voc\u00ea obede\u00e7a a Ele, mesmo quando for dif\u00edcil. O Esp\u00edrito Santo dar\u00e1 coragem para isso.<br \/>\n4\u00aa Li\u00e7\u00e3o: A Coroa da Gl\u00f3ria<br \/>\nAs Primeiras Igrejas, Paulo, Barnab\u00e9, Tito e Tim\u00f3teo. Deus quer que voc\u00ea ajude outras pessoas a conhecer melhor a Jesus.<br \/>\n5\u00aa Li\u00e7\u00e3o: A Coroa da Justi\u00e7a<br \/>\nA volta de Cristo e Sua Exalta\u00e7\u00e3o. Deus quer que voc\u00ea esteja preparado e desejando muito a volta de Jesus.<\/p>\n","protected":false},"excerpt":{"rendered":"<p>S\u00e3o 5 li\u00e7\u00f5es para ensinar \u00e0s crian\u00e7as sobre as coroas que a B\u00edblia fala. Objetivos: Para a crian\u00e7a n\u00e3o salva:&hellip;<\/p>\n","protected":false},"featured_media":168527,"comment_status":"open","ping_status":"closed","template":"","meta":[],"product_cat":[132,133],"product_tag":[],"_links":{"self":[{"href":"https:\/\/www.livrariarema.com.br\/loja\/wp-json\/wp\/v2\/product\/54625"}],"collection":[{"href":"https:\/\/www.livrariarema.com.br\/loja\/wp-json\/wp\/v2\/product"}],"about":[{"href":"https:\/\/www.livrariarema.com.br\/loja\/wp-json\/wp\/v2\/types\/product"}],"replies":[{"embeddable":true,"href":"https:\/\/www.livrariarema.com.br\/loja\/wp-json\/wp\/v2\/comments?post=54625"}],"wp:featuredmedia":[{"embeddable":true,"href":"https:\/\/www.livrariarema.com.br\/loja\/wp-json\/wp\/v2\/media\/168527"}],"wp:attachment":[{"href":"https:\/\/www.livrariarema.com.br\/loja\/wp-json\/wp\/v2\/media?parent=54625"}],"wp:term":[{"taxonomy":"product_cat","embeddable":true,"href":"https:\/\/www.livrariarema.com.br\/loja\/wp-json\/wp\/v2\/product_cat?post=54625"},{"taxonomy":"product_tag","embeddable":true,"href":"https:\/\/www.livrariarema.com.br\/loja\/wp-json\/wp\/v2\/product_tag?post=54625"}],"curies":[{"name":"wp","href":"https:\/\/api.w.org\/{rel}","templated":true}]}}