{"id":55110,"date":"2021-01-22T09:35:34","date_gmt":"2021-01-22T12:35:34","guid":{"rendered":"https:\/\/www.livrariarema.com.br\/loja\/produtos\/sem%20categoria\/caneta-esferografica-ice-061-0-8mm-azul\/"},"modified":"2026-02-11T18:02:09","modified_gmt":"2026-02-11T21:02:09","slug":"caneta-esferografica-ice-061-0-8mm-azul","status":"publish","type":"product","link":"https:\/\/www.livrariarema.com.br\/loja\/produtos\/papelaria\/canetas\/caneta-esferografica-ice-061-0-8mm-azul\/","title":{"rendered":"Caneta Esferogr\u00e1fica &#8211; Ice 061 &#8211; 0.8Mm &#8211; Azul"},"content":{"rendered":"<p>&#8211; Ponta met\u00e1lica: 0,8mm<br \/>\n&#8211; Escrita fina<br \/>\n&#8211; Tinta semigel<br \/>\n&#8211; Alta precis\u00e3o no tra\u00e7o<\/p>\n<p>Registro Inmetro: 00333\/2012<\/p>\n","protected":false},"excerpt":{"rendered":"<p>&#8211; Ponta met\u00e1lica: 0,8mm &#8211; Escrita fina &#8211; Tinta semigel &#8211; Alta precis\u00e3o no tra\u00e7o Registro Inmetro: 00333\/2012<\/p>\n","protected":false},"featured_media":334887,"comment_status":"open","ping_status":"closed","template":"","meta":[],"product_cat":[216,215],"product_tag":[],"_links":{"self":[{"href":"https:\/\/www.livrariarema.com.br\/loja\/wp-json\/wp\/v2\/product\/55110"}],"collection":[{"href":"https:\/\/www.livrariarema.com.br\/loja\/wp-json\/wp\/v2\/product"}],"about":[{"href":"https:\/\/www.livrariarema.com.br\/loja\/wp-json\/wp\/v2\/types\/product"}],"replies":[{"embeddable":true,"href":"https:\/\/www.livrariarema.com.br\/loja\/wp-json\/wp\/v2\/comments?post=55110"}],"wp:featuredmedia":[{"embeddable":true,"href":"https:\/\/www.livrariarema.com.br\/loja\/wp-json\/wp\/v2\/media\/334887"}],"wp:attachment":[{"href":"https:\/\/www.livrariarema.com.br\/loja\/wp-json\/wp\/v2\/media?parent=55110"}],"wp:term":[{"taxonomy":"product_cat","embeddable":true,"href":"https:\/\/www.livrariarema.com.br\/loja\/wp-json\/wp\/v2\/product_cat?post=55110"},{"taxonomy":"product_tag","embeddable":true,"href":"https:\/\/www.livrariarema.com.br\/loja\/wp-json\/wp\/v2\/product_tag?post=55110"}],"curies":[{"name":"wp","href":"https:\/\/api.w.org\/{rel}","templated":true}]}}