{"id":55274,"date":"2021-01-22T09:40:12","date_gmt":"2021-01-22T12:40:12","guid":{"rendered":"https:\/\/www.livrariarema.com.br\/loja\/produtos\/sem%20categoria\/esperanca-inabalavel-max-lucado\/"},"modified":"2026-02-25T16:47:48","modified_gmt":"2026-02-25T19:47:48","slug":"esperanca-inabalavel-max-lucado","status":"publish","type":"product","link":"https:\/\/www.livrariarema.com.br\/loja\/produtos\/livros\/motivacao\/esperanca-inabalavel-max-lucado\/","title":{"rendered":"Esperan\u00e7a Inabal\u00e1vel &#8211; Max Lucado"},"content":{"rendered":"<p>&#8220;Vivemos hoje em uma sociedade moderna e avan\u00e7ada. Temos \u00e0 nossa disposi\u00e7\u00e3o ferramentas tecnol\u00f3gicas com as quais nossos av\u00f3s s\u00f3 podiam sonhar e estamos saturados de informa\u00e7\u00e3o, entretenimento e recrea\u00e7\u00e3o. No entanto, estamos, mais do que nunca, famintos de esperan\u00e7a. <Br><br \/>\nTiroteios em escolas t\u00eam se tornado algo cada vez mais comum nos notici\u00e1rios. A depress\u00e3o est\u00e1 em ascens\u00e3o. <Br><br \/>\nE mais pessoas do que nunca est\u00e3o orquestrando suas pr\u00f3prias mortes. No Brasil, a taxa de suic\u00eddio aumentou gradativamente com o passar dos anos, e hoje essa \u00e9 considerada a quarta principal causa de morte entre jovens.<br \/>\nAs pessoas est\u00e3o morrendo por falta de esperan\u00e7a.<br \/>\nAp\u00f3s quarenta anos de minist\u00e9rio, Max Lucado aprendeu que nada traz paz ao cora\u00e7\u00e3o aflito e cansado como as promessas de Deus. <br \/>\nEm um mundo cheio de desespero, depress\u00e3o, ansiedade e instabilidade, n\u00e3o precisamos de mais opini\u00f5es ou palpites: precisamos das promessas inabal\u00e1veis de nosso Deus poderoso e amoroso.<br \/>\nNo que consiste sua vida &#8211; nas circunst\u00e2ncias ou nas promessas divinas? A resposta a essa pergunta muda tudo. Para cada problema, Deus lhe deu uma promessa. Podemos esperar em Deus. A gl\u00f3ria desta vida \u00e9 passageira, mas s\u00f3 ele \u00e9 o mesmo ontem, hoje e sempre.&#8221;<\/p>\n","protected":false},"excerpt":{"rendered":"<p>&#8220;Vivemos hoje em uma sociedade moderna e avan\u00e7ada. Temos \u00e0 nossa disposi\u00e7\u00e3o ferramentas tecnol\u00f3gicas com as quais nossos av\u00f3s s\u00f3&hellip;<\/p>\n","protected":false},"featured_media":345493,"comment_status":"open","ping_status":"closed","template":"","meta":[],"product_cat":[134,211],"product_tag":[],"_links":{"self":[{"href":"https:\/\/www.livrariarema.com.br\/loja\/wp-json\/wp\/v2\/product\/55274"}],"collection":[{"href":"https:\/\/www.livrariarema.com.br\/loja\/wp-json\/wp\/v2\/product"}],"about":[{"href":"https:\/\/www.livrariarema.com.br\/loja\/wp-json\/wp\/v2\/types\/product"}],"replies":[{"embeddable":true,"href":"https:\/\/www.livrariarema.com.br\/loja\/wp-json\/wp\/v2\/comments?post=55274"}],"wp:featuredmedia":[{"embeddable":true,"href":"https:\/\/www.livrariarema.com.br\/loja\/wp-json\/wp\/v2\/media\/345493"}],"wp:attachment":[{"href":"https:\/\/www.livrariarema.com.br\/loja\/wp-json\/wp\/v2\/media?parent=55274"}],"wp:term":[{"taxonomy":"product_cat","embeddable":true,"href":"https:\/\/www.livrariarema.com.br\/loja\/wp-json\/wp\/v2\/product_cat?post=55274"},{"taxonomy":"product_tag","embeddable":true,"href":"https:\/\/www.livrariarema.com.br\/loja\/wp-json\/wp\/v2\/product_tag?post=55274"}],"curies":[{"name":"wp","href":"https:\/\/api.w.org\/{rel}","templated":true}]}}