{"id":55358,"date":"2021-01-22T09:47:42","date_gmt":"2021-01-22T12:47:42","guid":{"rendered":"https:\/\/www.livrariarema.com.br\/loja\/produtos\/sem%20categoria\/vivendo-na-luz-dinheiro-sexo-e-poder-john-piper\/"},"modified":"2026-02-20T13:43:10","modified_gmt":"2026-02-20T16:43:10","slug":"vivendo-na-luz-dinheiro-sexo-e-poder-john-piper","status":"publish","type":"product","link":"https:\/\/www.livrariarema.com.br\/loja\/produtos\/livros\/vida-crista\/vivendo-na-luz-dinheiro-sexo-e-poder-john-piper\/","title":{"rendered":"Vivendo Na Luz &#8211; Dinheiro, Sexo E Poder &#8211; John Piper"},"content":{"rendered":"<p>Dinheiro, sexo e poder. Todo ser humano est\u00e1 inclinado a adorar essas d\u00e1divas. Os crist\u00e3os as enxergam com certa suspeita, mas Deus nos criou para desfrutar de todas elas. <\/p>\n<p>Descubra nesta obra como manter essas tr\u00eas oportunidades perigosas gravitando na \u00f3rbita para a qual foram projetadas. E aprenda a desfrutar de cada uma delas de uma maneira que garanta satisfa\u00e7\u00e3o pessoal, sirva \u00e0s pessoas e glorifique a Deus.<\/p>\n<p>Este livro revigorante traz novo alento e despertar\u00e1 para a gl\u00f3ria resplandecente de Cristo, inspirando o leitor a tornar Jesus o centro gravitacional de sua vida.<\/p>\n<p>Quando isso acontecer, tudo vai mudar para voc\u00ea.<\/p>\n","protected":false},"excerpt":{"rendered":"<p>Dinheiro, sexo e poder. Todo ser humano est\u00e1 inclinado a adorar essas d\u00e1divas. Os crist\u00e3os as enxergam com certa suspeita,&hellip;<\/p>\n","protected":false},"featured_media":345120,"comment_status":"open","ping_status":"closed","template":"","meta":[],"product_cat":[134,137],"product_tag":[],"_links":{"self":[{"href":"https:\/\/www.livrariarema.com.br\/loja\/wp-json\/wp\/v2\/product\/55358"}],"collection":[{"href":"https:\/\/www.livrariarema.com.br\/loja\/wp-json\/wp\/v2\/product"}],"about":[{"href":"https:\/\/www.livrariarema.com.br\/loja\/wp-json\/wp\/v2\/types\/product"}],"replies":[{"embeddable":true,"href":"https:\/\/www.livrariarema.com.br\/loja\/wp-json\/wp\/v2\/comments?post=55358"}],"wp:featuredmedia":[{"embeddable":true,"href":"https:\/\/www.livrariarema.com.br\/loja\/wp-json\/wp\/v2\/media\/345120"}],"wp:attachment":[{"href":"https:\/\/www.livrariarema.com.br\/loja\/wp-json\/wp\/v2\/media?parent=55358"}],"wp:term":[{"taxonomy":"product_cat","embeddable":true,"href":"https:\/\/www.livrariarema.com.br\/loja\/wp-json\/wp\/v2\/product_cat?post=55358"},{"taxonomy":"product_tag","embeddable":true,"href":"https:\/\/www.livrariarema.com.br\/loja\/wp-json\/wp\/v2\/product_tag?post=55358"}],"curies":[{"name":"wp","href":"https:\/\/api.w.org\/{rel}","templated":true}]}}