{"id":55390,"date":"2021-01-22T09:48:39","date_gmt":"2021-01-22T12:48:39","guid":{"rendered":"https:\/\/www.livrariarema.com.br\/loja\/produtos\/sem%20categoria\/classicos-da-biblia-josue\/"},"modified":"2026-02-28T11:36:17","modified_gmt":"2026-02-28T14:36:17","slug":"classicos-da-biblia-josue","status":"publish","type":"product","link":"https:\/\/www.livrariarema.com.br\/loja\/produtos\/livros\/infantil\/classicos-da-biblia-josue\/","title":{"rendered":"Cl\u00e1ssicos Da B\u00edblia &#8211; Josu\u00e9"},"content":{"rendered":"<p>Estas s\u00e3o as mais fascinantes hist\u00f3rias da B\u00edblia que, com belas ilustra\u00e7\u00f5es e uma linguagem simples e envolvente, ensinam \u00e0 crian\u00e7a as Sagradas Escrituras e propiciam os mais preciosos ensinamentos.<\/p>\n","protected":false},"excerpt":{"rendered":"<p>Estas s\u00e3o as mais fascinantes hist\u00f3rias da B\u00edblia que, com belas ilustra\u00e7\u00f5es e uma linguagem simples e envolvente, ensinam \u00e0&hellip;<\/p>\n","protected":false},"featured_media":331595,"comment_status":"open","ping_status":"closed","template":"","meta":[],"product_cat":[144,134],"product_tag":[],"_links":{"self":[{"href":"https:\/\/www.livrariarema.com.br\/loja\/wp-json\/wp\/v2\/product\/55390"}],"collection":[{"href":"https:\/\/www.livrariarema.com.br\/loja\/wp-json\/wp\/v2\/product"}],"about":[{"href":"https:\/\/www.livrariarema.com.br\/loja\/wp-json\/wp\/v2\/types\/product"}],"replies":[{"embeddable":true,"href":"https:\/\/www.livrariarema.com.br\/loja\/wp-json\/wp\/v2\/comments?post=55390"}],"wp:featuredmedia":[{"embeddable":true,"href":"https:\/\/www.livrariarema.com.br\/loja\/wp-json\/wp\/v2\/media\/331595"}],"wp:attachment":[{"href":"https:\/\/www.livrariarema.com.br\/loja\/wp-json\/wp\/v2\/media?parent=55390"}],"wp:term":[{"taxonomy":"product_cat","embeddable":true,"href":"https:\/\/www.livrariarema.com.br\/loja\/wp-json\/wp\/v2\/product_cat?post=55390"},{"taxonomy":"product_tag","embeddable":true,"href":"https:\/\/www.livrariarema.com.br\/loja\/wp-json\/wp\/v2\/product_tag?post=55390"}],"curies":[{"name":"wp","href":"https:\/\/api.w.org\/{rel}","templated":true}]}}